Last updated on 2025-11-13 09:51:05 CET.
| Flavor | Version | Tinstall | Tcheck | Ttotal | Status | Flags |
|---|---|---|---|---|---|---|
| r-devel-linux-x86_64-debian-clang | 0.0.92 | 14.15 | 24.68 | 38.83 | OK | |
| r-devel-linux-x86_64-debian-gcc | 0.0.92 | 10.16 | 20.62 | 30.78 | OK | |
| r-devel-linux-x86_64-fedora-clang | 0.0.92 | 31.00 | 28.97 | 59.97 | OK | |
| r-devel-linux-x86_64-fedora-gcc | 0.0.92 | 32.00 | 28.88 | 60.88 | OK | |
| r-devel-windows-x86_64 | 0.0.92 | 24.00 | 127.00 | 151.00 | OK | |
| r-patched-linux-x86_64 | 0.0.92 | 13.78 | 22.43 | 36.21 | OK | |
| r-release-linux-x86_64 | 0.0.92 | 14.50 | 22.37 | 36.87 | OK | |
| r-release-macos-arm64 | 0.0.92 | 7.00 | 18.00 | 25.00 | OK | |
| r-release-macos-x86_64 | 0.0.92 | 13.00 | 24.00 | 37.00 | OK | |
| r-release-windows-x86_64 | 0.0.92 | 25.00 | 147.00 | 172.00 | OK | |
| r-oldrel-macos-arm64 | 0.0.92 | 8.00 | 16.00 | 24.00 | OK | |
| r-oldrel-macos-x86_64 | 0.0.92 | 21.00 | 33.00 | 54.00 | OK | |
| r-oldrel-windows-x86_64 | 0.0.92 | 25.00 | 177.00 | 202.00 | NOTE |
Version: 0.0.92
Check: installed package size
Result: NOTE
installed size is 11.3Mb
sub-directories of 1Mb or more:
libs 10.6Mb
Flavor: r-oldrel-windows-x86_64