Last updated on 2025-02-16 09:50:54 CET.
Flavor | Version | Tinstall | Tcheck | Ttotal | Status | Flags |
---|---|---|---|---|---|---|
r-devel-linux-x86_64-debian-clang | 1.2 | 1.98 | 20.16 | 22.14 | OK | |
r-devel-linux-x86_64-debian-gcc | 1.2 | 1.75 | 16.61 | 18.36 | OK | |
r-devel-linux-x86_64-fedora-clang | 1.2 | 36.20 | OK | |||
r-devel-linux-x86_64-fedora-gcc | 1.2 | 34.34 | OK | |||
r-devel-macos-arm64 | 1.2 | 19.00 | OK | |||
r-devel-macos-x86_64 | 1.2 | 35.00 | OK | |||
r-devel-windows-x86_64 | 1.2 | 3.00 | 50.00 | 53.00 | OK | |
r-patched-linux-x86_64 | 1.2 | 1.95 | 19.32 | 21.27 | NOTE | |
r-release-linux-x86_64 | 1.2 | 1.61 | 19.35 | 20.96 | NOTE | |
r-release-macos-arm64 | 1.2 | 18.00 | NOTE | |||
r-release-macos-x86_64 | 1.2 | 29.00 | NOTE | |||
r-release-windows-x86_64 | 1.2 | 4.00 | 55.00 | 59.00 | NOTE | |
r-oldrel-macos-arm64 | 1.2 | 20.00 | NOTE | |||
r-oldrel-macos-x86_64 | 1.2 | 24.00 | NOTE | |||
r-oldrel-windows-x86_64 | 1.2 | 4.00 | 52.00 | 56.00 | NOTE |
Version: 1.2
Check: LazyData
Result: NOTE
'LazyData' is specified without a 'data' directory
Flavors: r-patched-linux-x86_64, r-release-linux-x86_64, r-release-macos-arm64, r-release-macos-x86_64, r-release-windows-x86_64, r-oldrel-macos-arm64, r-oldrel-macos-x86_64, r-oldrel-windows-x86_64