Last updated on 2025-02-19 09:51:04 CET.
Flavor | Version | Tinstall | Tcheck | Ttotal | Status | Flags |
---|---|---|---|---|---|---|
r-devel-linux-x86_64-debian-clang | 0.2.1 | 276.59 | 29.27 | 305.86 | OK | |
r-devel-linux-x86_64-debian-gcc | 0.2.1 | 194.20 | 21.83 | 216.03 | OK | |
r-devel-linux-x86_64-fedora-clang | 0.2.1 | 729.01 | OK | |||
r-devel-linux-x86_64-fedora-gcc | 0.2.1 | 589.19 | OK | |||
r-devel-macos-arm64 | 0.2.1 | 106.00 | OK | |||
r-devel-macos-x86_64 | 0.2.1 | 112.00 | OK | |||
r-devel-windows-x86_64 | 0.2.1 | 274.00 | 82.00 | 356.00 | OK | |
r-patched-linux-x86_64 | 0.2.1 | 266.03 | 27.78 | 293.81 | OK | |
r-release-linux-x86_64 | 0.2.1 | 273.17 | 27.64 | 300.81 | OK | |
r-release-macos-arm64 | 0.2.1 | 117.00 | NOTE | |||
r-release-macos-x86_64 | 0.2.1 | 101.00 | NOTE | |||
r-release-windows-x86_64 | 0.2.1 | 273.00 | 72.00 | 345.00 | OK | |
r-oldrel-macos-arm64 | 0.2.1 | 125.00 | NOTE | |||
r-oldrel-macos-x86_64 | 0.2.1 | 104.00 | NOTE | |||
r-oldrel-windows-x86_64 | 0.2.1 | 332.00 | 92.00 | 424.00 | OK |
Version: 0.2.1
Check: installed package size
Result: NOTE
installed size is 10.4Mb
sub-directories of 1Mb or more:
libs 10.2Mb
Flavors: r-release-macos-arm64, r-release-macos-x86_64, r-oldrel-macos-arm64, r-oldrel-macos-x86_64