Last updated on 2025-02-16 09:50:53 CET.
Flavor | Version | Tinstall | Tcheck | Ttotal | Status | Flags |
---|---|---|---|---|---|---|
r-devel-linux-x86_64-debian-clang | 1.0.4 | 55.08 | 29.92 | 85.00 | NOTE | |
r-devel-linux-x86_64-debian-gcc | 1.0.4 | 41.70 | 23.48 | 65.18 | NOTE | |
r-devel-linux-x86_64-fedora-clang | 1.0.4 | 172.64 | NOTE | |||
r-devel-linux-x86_64-fedora-gcc | 1.0.4 | 183.23 | NOTE | |||
r-devel-macos-arm64 | 1.0.4 | 44.00 | OK | |||
r-devel-macos-x86_64 | 1.0.4 | 80.00 | OK | |||
r-devel-windows-x86_64 | 1.0.4 | 66.00 | 81.00 | 147.00 | OK | |
r-patched-linux-x86_64 | 1.0.4 | 58.28 | 28.28 | 86.56 | OK | |
r-release-linux-x86_64 | 1.0.4 | 60.31 | 27.76 | 88.07 | OK | |
r-release-macos-arm64 | 1.0.4 | 50.00 | OK | |||
r-release-macos-x86_64 | 1.0.4 | 74.00 | OK | |||
r-release-windows-x86_64 | 1.0.4 | 68.00 | 71.00 | 139.00 | OK | |
r-oldrel-macos-arm64 | 1.0.4 | 49.00 | OK | |||
r-oldrel-macos-x86_64 | 1.0.4 | 87.00 | OK | |||
r-oldrel-windows-x86_64 | 1.0.4 | 83.00 | 77.00 | 160.00 | OK |
Version: 1.0.4
Check: top-level files
Result: NOTE
possible bashism in configure.ac line 36 (should be 'b = a'):
if test "$ac_cv_header_stdint_h" == yes; then
possible bashism in configure.ac line 50 (should be 'b = a'):
if test "$ac_cv_header_inttypes_h" == yes; then
Flavors: r-devel-linux-x86_64-debian-clang, r-devel-linux-x86_64-debian-gcc, r-devel-linux-x86_64-fedora-clang, r-devel-linux-x86_64-fedora-gcc