Last updated on 2025-10-28 08:50:22 CET.
| Flavor | Version | Tinstall | Tcheck | Ttotal | Status | Flags | 
|---|---|---|---|---|---|---|
| r-devel-linux-x86_64-debian-clang | 0.0.5 | 14.28 | 25.69 | 39.97 | NOTE | |
| r-devel-linux-x86_64-debian-gcc | 0.0.5 | 11.23 | 21.22 | 32.45 | NOTE | |
| r-devel-linux-x86_64-fedora-clang | 0.0.5 | 31.00 | 31.39 | 62.39 | OK | |
| r-devel-linux-x86_64-fedora-gcc | 0.0.5 | 40.00 | 21.82 | 61.82 | OK | |
| r-devel-windows-x86_64 | 0.0.5 | 18.00 | 64.00 | 82.00 | OK | |
| r-patched-linux-x86_64 | 0.0.5 | 15.33 | 23.67 | 39.00 | OK | |
| r-release-linux-x86_64 | 0.0.5 | 15.68 | 23.49 | 39.17 | OK | |
| r-release-macos-arm64 | 0.0.5 | 7.00 | 20.00 | 27.00 | OK | |
| r-release-macos-x86_64 | 0.0.5 | 12.00 | 28.00 | 40.00 | OK | |
| r-release-windows-x86_64 | 0.0.5 | 19.00 | 68.00 | 87.00 | OK | |
| r-oldrel-macos-arm64 | 0.0.5 | 7.00 | 16.00 | 23.00 | OK | |
| r-oldrel-macos-x86_64 | 0.0.5 | 9.00 | 24.00 | 33.00 | OK | |
| r-oldrel-windows-x86_64 | 0.0.5 | 18.00 | 76.00 | 94.00 | OK | 
Version: 0.0.5
Check: CRAN incoming feasibility
Result: NOTE
  Maintainer: ‘Marco Giuliano <mgiuliano.mail@gmail.com>’
  
  No Authors@R field in DESCRIPTION.
  Please add one, modifying
    Authors@R: person(given = "Marco",
                      family = "Giuliano",
                      role = c("aut", "cre"),
                      email = "mgiuliano.mail@gmail.com")
  as necessary.
Flavors: r-devel-linux-x86_64-debian-clang, r-devel-linux-x86_64-debian-gcc