Last updated on 2025-10-27 08:50:08 CET.
| Flavor | Version | Tinstall | Tcheck | Ttotal | Status | Flags |
|---|---|---|---|---|---|---|
| r-devel-linux-x86_64-debian-clang | 0.3.1 | 61.99 | 94.87 | 156.86 | OK | |
| r-devel-linux-x86_64-debian-gcc | 0.3.1 | 42.09 | 70.76 | 112.85 | OK | |
| r-devel-linux-x86_64-fedora-clang | 0.3.1 | 133.00 | 142.03 | 275.03 | OK | |
| r-devel-linux-x86_64-fedora-gcc | 0.3.1 | 98.00 | 151.51 | 249.51 | OK | |
| r-devel-windows-x86_64 | 0.3.1 | 73.00 | 113.00 | 186.00 | OK | |
| r-patched-linux-x86_64 | 0.3.1 | 62.23 | 89.83 | 152.06 | OK | |
| r-release-linux-x86_64 | 0.3.1 | 60.81 | 89.97 | 150.78 | OK | |
| r-release-macos-arm64 | 0.3.1 | 21.00 | 44.00 | 65.00 | OK | |
| r-release-macos-x86_64 | 0.3.1 | 28.00 | 74.00 | 102.00 | OK | |
| r-release-windows-x86_64 | 0.3.1 | 75.00 | 116.00 | 191.00 | OK | |
| r-oldrel-macos-arm64 | 0.3.1 | 22.00 | 36.00 | 58.00 | NOTE | |
| r-oldrel-macos-x86_64 | 0.3.1 | 23.00 | 59.00 | 82.00 | NOTE | |
| r-oldrel-windows-x86_64 | 0.3.1 | 89.00 | 150.00 | 239.00 | OK |
Version: 0.3.1
Check: installed package size
Result: NOTE
installed size is 6.9Mb
sub-directories of 1Mb or more:
data 2.3Mb
libs 4.3Mb
Flavors: r-oldrel-macos-arm64, r-oldrel-macos-x86_64