Last updated on 2025-10-27 08:50:08 CET.
| Flavor | Version | Tinstall | Tcheck | Ttotal | Status | Flags |
|---|---|---|---|---|---|---|
| r-devel-linux-x86_64-debian-clang | 1.0.15 | 10.54 | 211.68 | 222.22 | OK | |
| r-devel-linux-x86_64-debian-gcc | 1.0.15 | 6.94 | 144.25 | 151.19 | OK | |
| r-devel-linux-x86_64-fedora-clang | 1.0.15 | 30.00 | 314.98 | 344.98 | NOTE | |
| r-devel-linux-x86_64-fedora-gcc | 1.0.15 | 21.00 | 326.66 | 347.66 | NOTE | |
| r-devel-windows-x86_64 | 1.0.15 | 12.00 | 201.00 | 213.00 | OK | |
| r-patched-linux-x86_64 | 1.0.15 | 9.46 | 202.07 | 211.53 | OK | |
| r-release-linux-x86_64 | 1.0.15 | 10.53 | 202.12 | 212.65 | OK | |
| r-release-macos-arm64 | 1.0.15 | 4.00 | 84.00 | 88.00 | OK | |
| r-release-macos-x86_64 | 1.0.15 | 11.00 | 185.00 | 196.00 | OK | |
| r-release-windows-x86_64 | 1.0.15 | 12.00 | 187.00 | 199.00 | OK | |
| r-oldrel-macos-arm64 | 1.0.15 | 5.00 | 97.00 | 102.00 | NOTE | |
| r-oldrel-macos-x86_64 | 1.0.15 | 12.00 | 185.00 | 197.00 | NOTE | |
| r-oldrel-windows-x86_64 | 1.0.15 | 17.00 | 251.00 | 268.00 | NOTE |
Version: 1.0.15
Check: dependencies in R code
Result: NOTE
Namespace in Imports field not imported from: ‘mapproj’
All declared Imports should be used.
Flavors: r-devel-linux-x86_64-fedora-clang, r-devel-linux-x86_64-fedora-gcc
Version: 1.0.15
Check: package dependencies
Result: NOTE
Package suggested but not available for checking: ‘asreml’
Flavors: r-oldrel-macos-arm64, r-oldrel-macos-x86_64, r-oldrel-windows-x86_64