Last updated on 2025-04-15 09:52:34 CEST.
Flavor | Version | Tinstall | Tcheck | Ttotal | Status | Flags |
---|---|---|---|---|---|---|
r-devel-linux-x86_64-debian-clang | 0.6-8 | 16.95 | 305.36 | 322.31 | NOTE | |
r-devel-linux-x86_64-debian-gcc | 0.6-8 | 10.41 | 215.37 | 225.78 | NOTE | |
r-devel-linux-x86_64-fedora-clang | 0.6-8 | 540.20 | NOTE | |||
r-devel-linux-x86_64-fedora-gcc | 0.6-8 | 541.45 | NOTE | |||
r-devel-windows-x86_64 | 0.6-8 | 17.00 | 308.00 | 325.00 | NOTE | |
r-patched-linux-x86_64 | 0.6-8 | 16.87 | 292.13 | 309.00 | NOTE | |
r-release-linux-x86_64 | 0.6-8 | 15.73 | 295.34 | 311.07 | NOTE | |
r-release-macos-arm64 | 0.6-8 | 186.00 | NOTE | |||
r-release-macos-x86_64 | 0.6-8 | 343.00 | NOTE | |||
r-release-windows-x86_64 | 0.6-8 | 19.00 | 306.00 | 325.00 | NOTE | |
r-oldrel-macos-arm64 | 0.6-8 | 162.00 | NOTE | |||
r-oldrel-macos-x86_64 | 0.6-8 | 321.00 | NOTE | |||
r-oldrel-windows-x86_64 | 0.6-8 | 24.00 | 403.00 | 427.00 | NOTE |
Version: 0.6-8
Check: DESCRIPTION meta-information
Result: NOTE
Missing dependency on R >= 4.2.0 because package code uses the pipe
placeholder syntax added in R 4.2.0.
File(s) using such syntax:
‘prcomp.Rd’
Flavors: r-devel-linux-x86_64-debian-clang, r-devel-linux-x86_64-debian-gcc, r-devel-linux-x86_64-fedora-clang, r-devel-linux-x86_64-fedora-gcc, r-devel-windows-x86_64, r-patched-linux-x86_64, r-release-linux-x86_64, r-release-macos-arm64, r-release-macos-x86_64, r-release-windows-x86_64
Version: 0.6-8
Check: tests
Result: NOTE
Running ‘aggregate.R’ [22s/89s]
Comparing ‘aggregate.Rout’ to ‘aggregate.Rout.save’ ... OK
Running ‘align.R’ [4s/13s]
Comparing ‘align.Rout’ to ‘align.Rout.save’ ... OK
Running ‘area.R’
Comparing ‘area.Rout’ to ‘area.Rout.save’ ... OK
Running ‘crop.R’ [9s/37s]
Comparing ‘crop.Rout’ to ‘crop.Rout.save’ ... OK
Running ‘curvilinear.R’
Comparing ‘curvilinear.Rout’ to ‘curvilinear.Rout.save’ ... OK
Running ‘datasets.R’
Comparing ‘datasets.Rout’ to ‘datasets.Rout.save’ ... OK
Running ‘dimensions.R’ [5s/25s]
Comparing ‘dimensions.Rout’ to ‘dimensions.Rout.save’ ... OK
Running ‘downsample.R’ [2s/10s]
Comparing ‘downsample.Rout’ to ‘downsample.Rout.save’ ... OK
Running ‘ee.R’
Comparing ‘ee.Rout’ to ‘ee.Rout.save’ ... OK
Running ‘extract.R’
Comparing ‘extract.Rout’ to ‘extract.Rout.save’ ... OK
Running ‘gridtypes.R’
Comparing ‘gridtypes.Rout’ to ‘gridtypes.Rout.save’ ...246,247c246,247
< lon 1 3 WGS 84 FALSE [3x3] 0.03,...,0.89 [x]
< lat 1 3 WGS 84 FALSE [3x3] 0.021,...,0.89 [y]
---
> lon 1 3 WGS 84 (CRS84) FALSE [3x3] 0.03,...,0.89 [x]
> lat 1 3 WGS 84 (CRS84) FALSE [3x3] 0.021,...,0.89 [y]
Running ‘mdim.R’
Comparing ‘mdim.Rout’ to ‘mdim.Rout.save’ ... OK
Running ‘nc.R’ [4s/21s]
Comparing ‘nc.Rout’ to ‘nc.Rout.save’ ... OK
Running ‘plot.R’ [6s/17s]
Comparing ‘plot.Rout’ to ‘plot.Rout.save’ ... OK
Running ‘predict.R’ [7s/28s]
Comparing ‘predict.Rout’ to ‘predict.Rout.save’ ... OK
Running ‘proxy.R’ [5s/14s]
Comparing ‘proxy.Rout’ to ‘proxy.Rout.save’ ... OK
Running ‘raster.R’ [21s/110s]
Comparing ‘raster.Rout’ to ‘raster.Rout.save’ ...103,104c103,104
< x 1 10 -180 36 WGS 84 NULL [x]
< y 1 10 90 -18 WGS 84 NULL [y]
---
> x 1 10 -180 36 WGS 84 (CRS84) NULL [x]
> y 1 10 90 -18 WGS 84 (CRS84) NULL [y]
Running ‘rasterize.R’ [5s/24s]
Comparing ‘rasterize.Rout’ to ‘rasterize.Rout.save’ ... OK
Running ‘rectilinear.R’ [3s/15s]
Comparing ‘rectilinear.Rout’ to ‘rectilinear.Rout.save’ ... OK
Running ‘redimension.R’
Comparing ‘redimension.Rout’ to ‘redimension.Rout.save’ ... OK
Running ‘sf.R’
Comparing ‘sf.Rout’ to ‘sf.Rout.save’ ... OK
Running ‘sp.R’ [3s/11s]
Comparing ‘sp.Rout’ to ‘sp.Rout.save’ ... OK
Running ‘spacetime.R’ [5s/20s]
Comparing ‘spacetime.Rout’ to ‘spacetime.Rout.save’ ... OK
Running ‘spatstat.R’ [5s/20s]
Comparing ‘spatstat.Rout’ to ‘spatstat.Rout.save’ ... OK
Running ‘stars.R’ [14s/46s]
Comparing ‘stars.Rout’ to ‘stars.Rout.save’ ...249,250c249,250
< x 1 360 -180 1 WGS 84 [x]
< y 1 180 90 -1 WGS 84 [y]
---
> x 1 360 -180 1 WGS 84 (CRS84) [x]
> y 1 180 90 -1 WGS 84 (CRS84) [y]
Running ‘subset.R’
Comparing ‘subset.Rout’ to ‘subset.Rout.save’ ... OK
Running ‘testthat.R’ [30s/144s]
Running ‘tidy.R’ [5s/19s]
Comparing ‘tidy.Rout’ to ‘tidy.Rout.save’ ... OK
Running ‘transform.R’ [3s/14s]
Comparing ‘transform.Rout’ to ‘transform.Rout.save’ ... OK
Running ‘warp.R’ [4s/13s]
Comparing ‘warp.Rout’ to ‘warp.Rout.save’ ... OK
Running ‘write.R’ [3s/14s]
Comparing ‘write.Rout’ to ‘write.Rout.save’ ... OK
Flavor: r-devel-linux-x86_64-fedora-clang
Version: 0.6-8
Check: package dependencies
Result: NOTE
Package suggested but not available for checking: ‘starsdata’
Flavors: r-oldrel-macos-arm64, r-oldrel-macos-x86_64, r-oldrel-windows-x86_64
Version: 0.6-8
Check: installed package size
Result: NOTE
installed size is 6.9Mb
sub-directories of 1Mb or more:
doc 2.9Mb
nc 1.7Mb
Flavors: r-oldrel-macos-arm64, r-oldrel-macos-x86_64, r-oldrel-windows-x86_64