CRAN Package Check Results for Package spsComps

Last updated on 2025-02-16 09:50:53 CET.

Flavor Version Tinstall Tcheck Ttotal Status Flags
r-devel-linux-x86_64-debian-clang 0.3.3.0 6.03 43.85 49.88 NOTE
r-devel-linux-x86_64-debian-gcc 0.3.3.0 4.70 32.16 36.86 NOTE
r-devel-linux-x86_64-fedora-clang 0.3.3.0 85.34 OK
r-devel-linux-x86_64-fedora-gcc 0.3.3.0 74.47 OK
r-devel-macos-arm64 0.3.3.0 28.00 OK
r-devel-macos-x86_64 0.3.3.0 46.00 OK
r-devel-windows-x86_64 0.3.3.0 8.00 71.00 79.00 NOTE
r-patched-linux-x86_64 0.3.3.0 10.21 41.91 52.12 OK
r-release-linux-x86_64 0.3.3.0 6.12 41.67 47.79 OK
r-release-macos-arm64 0.3.3.0 27.00 OK
r-release-macos-x86_64 0.3.3.0 37.00 OK
r-release-windows-x86_64 0.3.3.0 8.00 72.00 80.00 OK
r-oldrel-macos-arm64 0.3.3.0 26.00 OK
r-oldrel-macos-x86_64 0.3.3.0 45.00 OK
r-oldrel-windows-x86_64 0.3.3.0 10.00 79.00 89.00 OK

Check Details

Version: 0.3.3.0
Check: Rd cross-references
Result: NOTE Found the following Rd file(s) with Rd \link{} targets missing package anchors: onNextInput.Rd: observeEvent Please provide package anchors for all Rd \link{} targets not in the package itself and the base packages. Flavors: r-devel-linux-x86_64-debian-clang, r-devel-linux-x86_64-debian-gcc, r-devel-windows-x86_64