CRAN Package Check Results for Package spnn

Last updated on 2025-04-15 09:52:34 CEST.

Flavor Version Tinstall Tcheck Ttotal Status Flags
r-devel-linux-x86_64-debian-clang 1.2.1 17.45 22.56 40.01 NOTE
r-devel-linux-x86_64-debian-gcc 1.2.1 13.00 17.72 30.72 NOTE
r-devel-linux-x86_64-fedora-clang 1.2.1 76.88 NOTE
r-devel-linux-x86_64-fedora-gcc 1.2.1 68.14 NOTE
r-devel-windows-x86_64 1.2.1 23.00 61.00 84.00 NOTE
r-patched-linux-x86_64 1.2.1 16.72 21.92 38.64 NOTE
r-release-linux-x86_64 1.2.1 18.08 21.75 39.83 NOTE
r-release-macos-arm64 1.2.1 24.00 NOTE
r-release-macos-x86_64 1.2.1 43.00 NOTE
r-release-windows-x86_64 1.2.1 24.00 61.00 85.00 NOTE
r-oldrel-macos-arm64 1.2.1 24.00 NOTE
r-oldrel-macos-x86_64 1.2.1 36.00 NOTE
r-oldrel-windows-x86_64 1.2.1 27.00 74.00 101.00 NOTE

Check Details

Version: 1.2.1
Check: C++ specification
Result: NOTE Specified C++11: please drop specification unless essential Flavors: r-devel-linux-x86_64-debian-clang, r-devel-linux-x86_64-debian-gcc, r-devel-linux-x86_64-fedora-clang, r-devel-linux-x86_64-fedora-gcc, r-devel-windows-x86_64, r-patched-linux-x86_64, r-release-linux-x86_64, r-release-macos-arm64, r-release-macos-x86_64, r-release-windows-x86_64, r-oldrel-macos-arm64, r-oldrel-macos-x86_64, r-oldrel-windows-x86_64

Version: 1.2.1
Check: Rd files
Result: NOTE checkRd: (-1) spnn-package.Rd:15: Lost braces in \itemize; meant \describe ? checkRd: (-1) spnn-package.Rd:16: Lost braces in \itemize; meant \describe ? checkRd: (-1) spnn-package.Rd:17: Lost braces in \itemize; meant \describe ? checkRd: (-1) spnn-package.Rd:18: Lost braces in \itemize; meant \describe ? Flavors: r-devel-linux-x86_64-debian-clang, r-devel-linux-x86_64-debian-gcc, r-devel-linux-x86_64-fedora-clang, r-devel-linux-x86_64-fedora-gcc, r-devel-windows-x86_64, r-patched-linux-x86_64, r-release-linux-x86_64, r-release-macos-arm64, r-release-macos-x86_64, r-release-windows-x86_64, r-oldrel-macos-arm64, r-oldrel-macos-x86_64, r-oldrel-windows-x86_64