Last updated on 2025-02-16 09:50:53 CET.
Flavor | Version | Tinstall | Tcheck | Ttotal | Status | Flags |
---|---|---|---|---|---|---|
r-devel-linux-x86_64-debian-clang | 1.3.3 | 2.86 | 24.52 | 27.38 | NOTE | |
r-devel-linux-x86_64-debian-gcc | 1.3.3 | 2.44 | 20.03 | 22.47 | NOTE | |
r-devel-linux-x86_64-fedora-clang | 1.3.3 | 45.77 | NOTE | |||
r-devel-linux-x86_64-fedora-gcc | 1.3.3 | 43.18 | NOTE | |||
r-devel-macos-arm64 | 1.3.3 | 17.00 | NOTE | |||
r-devel-macos-x86_64 | 1.3.3 | 29.00 | NOTE | |||
r-devel-windows-x86_64 | 1.3.3 | 5.00 | 51.00 | 56.00 | NOTE | |
r-patched-linux-x86_64 | 1.3.3 | 3.15 | 23.67 | 26.82 | NOTE | |
r-release-linux-x86_64 | 1.3.3 | 2.86 | 23.95 | 26.81 | NOTE | |
r-release-macos-arm64 | 1.3.3 | 18.00 | NOTE | |||
r-release-macos-x86_64 | 1.3.3 | 27.00 | NOTE | |||
r-release-windows-x86_64 | 1.3.3 | 4.00 | 49.00 | 53.00 | NOTE | |
r-oldrel-macos-arm64 | 1.3.3 | 19.00 | NOTE | |||
r-oldrel-macos-x86_64 | 1.3.3 | 25.00 | NOTE | |||
r-oldrel-windows-x86_64 | 1.3.3 | 4.00 | 53.00 | 57.00 | NOTE |
Version: 1.3.3
Check: Rd files
Result: NOTE
checkRd: (-1) image.plot.Rd:78: Escaped LaTeX specials: \$
Flavors: r-devel-linux-x86_64-debian-clang, r-devel-linux-x86_64-debian-gcc, r-devel-linux-x86_64-fedora-clang, r-devel-linux-x86_64-fedora-gcc, r-devel-macos-arm64, r-devel-macos-x86_64, r-devel-windows-x86_64, r-patched-linux-x86_64, r-release-linux-x86_64, r-release-macos-arm64, r-release-macos-x86_64, r-release-windows-x86_64, r-oldrel-macos-arm64, r-oldrel-macos-x86_64, r-oldrel-windows-x86_64