Last updated on 2025-04-15 09:52:33 CEST.
Flavor | Version | Tinstall | Tcheck | Ttotal | Status | Flags |
---|---|---|---|---|---|---|
r-devel-linux-x86_64-debian-clang | 0.2.0 | 7.38 | 52.50 | 59.88 | NOTE | |
r-devel-linux-x86_64-debian-gcc | 0.2.0 | 4.59 | 38.23 | 42.82 | NOTE | |
r-devel-linux-x86_64-fedora-clang | 0.2.0 | 94.42 | OK | |||
r-devel-linux-x86_64-fedora-gcc | 0.2.0 | 89.59 | OK | |||
r-devel-windows-x86_64 | 0.2.0 | 9.00 | 70.00 | 79.00 | NOTE | |
r-patched-linux-x86_64 | 0.2.0 | 7.05 | 49.72 | 56.77 | NOTE | |
r-release-linux-x86_64 | 0.2.0 | 6.34 | 48.95 | 55.29 | NOTE | |
r-release-macos-arm64 | 0.2.0 | 29.00 | OK | |||
r-release-macos-x86_64 | 0.2.0 | 53.00 | OK | |||
r-release-windows-x86_64 | 0.2.0 | 10.00 | 63.00 | 73.00 | NOTE | |
r-oldrel-macos-arm64 | 0.2.0 | 29.00 | OK | |||
r-oldrel-macos-x86_64 | 0.2.0 | 45.00 | OK | |||
r-oldrel-windows-x86_64 | 0.2.0 | 11.00 | 75.00 | 86.00 | OK |
Version: 0.2.0
Check: Rd cross-references
Result: NOTE
Found the following Rd file(s) with Rd \link{} targets missing package
anchors:
xgboost_classifier.Rd: ft_r_formula
xgboost_regressor.Rd: ft_r_formula, ml_save
Please provide package anchors for all Rd \link{} targets not in the
package itself and the base packages.
Flavors: r-devel-linux-x86_64-debian-clang, r-devel-linux-x86_64-debian-gcc, r-devel-windows-x86_64, r-patched-linux-x86_64, r-release-linux-x86_64, r-release-windows-x86_64