Last updated on 2025-02-16 09:50:53 CET.
Flavor | Version | Tinstall | Tcheck | Ttotal | Status | Flags |
---|---|---|---|---|---|---|
r-devel-linux-x86_64-debian-clang | 0.1.6 | 15.14 | 55.04 | 70.18 | NOTE | |
r-devel-linux-x86_64-debian-gcc | 0.1.6 | 10.23 | 37.80 | 48.03 | NOTE | |
r-devel-linux-x86_64-fedora-clang | 0.1.6 | 113.66 | NOTE | |||
r-devel-linux-x86_64-fedora-gcc | 0.1.6 | 107.20 | NOTE | |||
r-devel-macos-arm64 | 0.1.6 | 32.00 | NOTE | |||
r-devel-macos-x86_64 | 0.1.6 | 62.00 | NOTE | |||
r-devel-windows-x86_64 | 0.1.6 | 19.00 | 79.00 | 98.00 | NOTE | |
r-patched-linux-x86_64 | 0.1.6 | 13.04 | 49.25 | 62.29 | NOTE | |
r-release-linux-x86_64 | 0.1.6 | 13.69 | 49.59 | 63.28 | NOTE | |
r-release-macos-arm64 | 0.1.6 | 33.00 | NOTE | |||
r-release-macos-x86_64 | 0.1.6 | 50.00 | NOTE | |||
r-release-windows-x86_64 | 0.1.6 | 16.00 | 87.00 | 103.00 | NOTE | |
r-oldrel-macos-arm64 | 0.1.6 | 36.00 | NOTE | |||
r-oldrel-macos-x86_64 | 0.1.6 | 71.00 | NOTE | |||
r-oldrel-windows-x86_64 | 0.1.6 | 23.00 | 102.00 | 125.00 | NOTE |
Version: 0.1.6
Check: C++ specification
Result: NOTE
Specified C++11: please drop specification unless essential
Flavors: r-devel-linux-x86_64-debian-clang, r-devel-linux-x86_64-debian-gcc, r-devel-linux-x86_64-fedora-clang, r-devel-linux-x86_64-fedora-gcc, r-devel-macos-arm64, r-devel-macos-x86_64, r-devel-windows-x86_64, r-patched-linux-x86_64, r-release-linux-x86_64, r-release-macos-arm64, r-release-macos-x86_64, r-release-windows-x86_64, r-oldrel-macos-arm64, r-oldrel-macos-x86_64, r-oldrel-windows-x86_64