CRAN Package Check Results for Package sparkavro

Last updated on 2025-04-15 09:52:33 CEST.

Flavor Version Tinstall Tcheck Ttotal Status Flags
r-devel-linux-x86_64-debian-clang 0.3.0 6.54 52.12 58.66 OK
r-devel-linux-x86_64-debian-gcc 0.3.0 4.61 38.39 43.00 OK
r-devel-linux-x86_64-fedora-clang 0.3.0 93.75 OK
r-devel-linux-x86_64-fedora-gcc 0.3.0 86.05 OK
r-devel-windows-x86_64 0.3.0 7.00 70.00 77.00 OK
r-patched-linux-x86_64 0.3.0 5.81 50.22 56.03 OK
r-release-linux-x86_64 0.3.0 6.23 49.50 55.73 OK
r-release-macos-arm64 0.3.0 30.00 OK
r-release-macos-x86_64 0.3.0 63.00 OK
r-release-windows-x86_64 0.3.0 7.00 71.00 78.00 OK
r-oldrel-macos-arm64 0.3.0 29.00 NOTE
r-oldrel-macos-x86_64 0.3.0 42.00 NOTE
r-oldrel-windows-x86_64 0.3.0 9.00 80.00 89.00 NOTE

Check Details

Version: 0.3.0
Check: LazyData
Result: NOTE 'LazyData' is specified without a 'data' directory Flavors: r-oldrel-macos-arm64, r-oldrel-macos-x86_64, r-oldrel-windows-x86_64