Last updated on 2025-02-16 09:50:53 CET.
Flavor | Version | Tinstall | Tcheck | Ttotal | Status | Flags |
---|---|---|---|---|---|---|
r-devel-linux-x86_64-debian-clang | 0.0-4 | 51.88 | 129.66 | 181.54 | OK | |
r-devel-linux-x86_64-debian-gcc | 0.0-4 | 41.42 | 90.52 | 131.94 | OK | |
r-devel-linux-x86_64-fedora-clang | 0.0-4 | 307.49 | OK | |||
r-devel-linux-x86_64-fedora-gcc | 0.0-4 | 334.17 | OK | |||
r-devel-macos-arm64 | 0.0-4 | 118.00 | OK | |||
r-devel-macos-x86_64 | 0.0-4 | 218.00 | OK | |||
r-devel-windows-x86_64 | 0.0-4 | 55.00 | 194.00 | 249.00 | OK | |
r-patched-linux-x86_64 | 0.0-4 | 56.58 | 122.41 | 178.99 | OK | |
r-release-linux-x86_64 | 0.0-4 | 57.81 | 121.03 | 178.84 | OK | |
r-release-macos-arm64 | 0.0-4 | 123.00 | NOTE | |||
r-release-macos-x86_64 | 0.0-4 | 233.00 | NOTE | |||
r-release-windows-x86_64 | 0.0-4 | 55.00 | 189.00 | 244.00 | OK | |
r-oldrel-macos-arm64 | 0.0-4 | 125.00 | NOTE | |||
r-oldrel-macos-x86_64 | 0.0-4 | 265.00 | NOTE | |||
r-oldrel-windows-x86_64 | 0.0-4 | 70.00 | 238.00 | 308.00 | OK |
Version: 0.0-4
Check: installed package size
Result: NOTE
installed size is 6.5Mb
sub-directories of 1Mb or more:
libs 6.2Mb
Flavors: r-release-macos-arm64, r-release-macos-x86_64, r-oldrel-macos-arm64, r-oldrel-macos-x86_64