Last updated on 2025-02-19 09:51:04 CET.
Flavor | Version | Tinstall | Tcheck | Ttotal | Status | Flags |
---|---|---|---|---|---|---|
r-devel-linux-x86_64-debian-clang | 1.3 | 161.69 | 84.79 | 246.48 | OK | |
r-devel-linux-x86_64-debian-gcc | 1.3 | 116.62 | 61.76 | 178.38 | OK | |
r-devel-linux-x86_64-fedora-clang | 1.3 | 467.35 | OK | |||
r-devel-linux-x86_64-fedora-gcc | 1.3 | 461.78 | OK | |||
r-devel-macos-arm64 | 1.3 | 114.00 | OK | |||
r-devel-macos-x86_64 | 1.3 | 170.00 | OK | |||
r-devel-windows-x86_64 | 1.3 | 169.00 | 109.00 | 278.00 | OK | |
r-patched-linux-x86_64 | 1.3 | 158.15 | 78.61 | 236.76 | OK | |
r-release-linux-x86_64 | 1.3 | 165.86 | 77.47 | 243.33 | OK | |
r-release-macos-arm64 | 1.3 | 102.00 | NOTE | |||
r-release-macos-x86_64 | 1.3 | 153.00 | NOTE | |||
r-release-windows-x86_64 | 1.3 | 169.00 | 110.00 | 279.00 | OK | |
r-oldrel-macos-arm64 | 1.3 | 124.00 | NOTE | |||
r-oldrel-macos-x86_64 | 1.3 | 178.00 | NOTE | |||
r-oldrel-windows-x86_64 | 1.3 | 210.00 | 156.00 | 366.00 | OK |
Version: 1.3
Check: installed package size
Result: NOTE
installed size is 13.4Mb
sub-directories of 1Mb or more:
data 3.3Mb
libs 9.5Mb
Flavors: r-release-macos-arm64, r-release-macos-x86_64, r-oldrel-macos-arm64, r-oldrel-macos-x86_64