Last updated on 2025-02-16 09:50:53 CET.
Flavor | Version | Tinstall | Tcheck | Ttotal | Status | Flags |
---|---|---|---|---|---|---|
r-devel-linux-x86_64-debian-clang | 4.3.7 | 90.42 | 146.87 | 237.29 | OK | --no-vignettes |
r-devel-linux-x86_64-debian-gcc | 4.3.7 | 62.24 | 100.92 | 163.16 | OK | --no-vignettes |
r-devel-linux-x86_64-fedora-clang | 4.3.7 | 624.73 | OK | |||
r-devel-linux-x86_64-fedora-gcc | 4.3.7 | 712.40 | OK | |||
r-devel-macos-arm64 | 4.3.7 | 210.00 | OK | |||
r-devel-macos-x86_64 | 4.3.7 | 450.00 | OK | |||
r-devel-windows-x86_64 | 4.3.7 | 79.00 | 192.00 | 271.00 | OK | --no-vignettes |
r-patched-linux-x86_64 | 4.3.7 | 87.16 | 140.91 | 228.07 | OK | --no-vignettes |
r-release-linux-x86_64 | 4.3.7 | 81.87 | 139.83 | 221.70 | OK | --no-vignettes |
r-release-macos-arm64 | 4.3.7 | 221.00 | NOTE | |||
r-release-macos-x86_64 | 4.3.7 | 510.00 | NOTE | |||
r-release-windows-x86_64 | 4.3.7 | 82.00 | 192.00 | 274.00 | NOTE | --no-vignettes |
r-oldrel-macos-arm64 | 4.3.6 | 214.00 | NOTE | |||
r-oldrel-macos-x86_64 | 4.3.7 | 580.00 | NOTE | |||
r-oldrel-windows-x86_64 | 4.3.7 | 104.00 | 232.00 | 336.00 | NOTE | --no-vignettes |
Version: 4.3.7
Check: installed package size
Result: NOTE
installed size is 13.6Mb
sub-directories of 1Mb or more:
data 1.4Mb
doc 1.3Mb
libs 9.8Mb
Flavors: r-release-macos-arm64, r-release-macos-x86_64, r-oldrel-macos-x86_64
Version: 4.3.7
Flags: --no-vignettes
Check: installed package size
Result: NOTE
installed size is 5.5Mb
sub-directories of 1Mb or more:
data 1.3Mb
doc 1.3Mb
libs 1.7Mb
Flavors: r-release-windows-x86_64, r-oldrel-windows-x86_64
Version: 4.3.6
Check: installed package size
Result: NOTE
installed size is 13.7Mb
sub-directories of 1Mb or more:
data 1.4Mb
doc 1.3Mb
libs 9.8Mb
Flavor: r-oldrel-macos-arm64