Last updated on 2025-02-16 09:50:53 CET.
Flavor | Version | Tinstall | Tcheck | Ttotal | Status | Flags |
---|---|---|---|---|---|---|
r-devel-linux-x86_64-debian-clang | 0.11 | 13.23 | 105.68 | 118.91 | NOTE | |
r-devel-linux-x86_64-debian-gcc | 0.11 | 7.81 | 66.65 | 74.46 | NOTE | |
r-devel-linux-x86_64-fedora-clang | 0.11 | 182.47 | NOTE | |||
r-devel-linux-x86_64-fedora-gcc | 0.11 | 161.78 | NOTE | |||
r-devel-macos-arm64 | 0.11 | 50.00 | OK | |||
r-devel-macos-x86_64 | 0.11 | 92.00 | NOTE | |||
r-devel-windows-x86_64 | 0.11 | 14.00 | 127.00 | 141.00 | NOTE | |
r-patched-linux-x86_64 | 0.11 | 14.89 | 90.18 | 105.07 | OK | |
r-release-linux-x86_64 | 0.11 | 11.16 | 90.19 | 101.35 | OK | |
r-release-macos-arm64 | 0.11 | 53.00 | OK | |||
r-release-macos-x86_64 | 0.11 | 118.00 | OK | |||
r-release-windows-x86_64 | 0.11 | 16.00 | 116.00 | 132.00 | OK | |
r-oldrel-macos-arm64 | 0.10 | 52.00 | OK | |||
r-oldrel-macos-x86_64 | 0.11 | 90.00 | OK | |||
r-oldrel-windows-x86_64 | 0.11 | 18.00 | 136.00 | 154.00 | OK |
Version: 0.11
Check: DESCRIPTION meta-information
Result: NOTE
Missing dependency on R >= 4.1.0 because package code uses the pipe
|> or function shorthand \(...) syntax added in R 4.1.0.
File(s) using such syntax:
‘meteoReaders.R’
Flavors: r-devel-linux-x86_64-debian-clang, r-devel-linux-x86_64-debian-gcc, r-devel-linux-x86_64-fedora-clang, r-devel-linux-x86_64-fedora-gcc, r-devel-macos-x86_64, r-devel-windows-x86_64