CRAN Package Check Results for Package snem

Last updated on 2025-02-16 09:50:53 CET.

Flavor Version Tinstall Tcheck Ttotal Status Flags
r-devel-linux-x86_64-debian-clang 0.1.1 1.82 17.73 19.55 OK
r-devel-linux-x86_64-debian-gcc 0.1.1 1.41 14.29 15.70 OK
r-devel-linux-x86_64-fedora-clang 0.1.1 33.25 OK
r-devel-linux-x86_64-fedora-gcc 0.1.1 29.57 OK
r-devel-macos-arm64 0.1.1 14.00 OK
r-devel-macos-x86_64 0.1.1 21.00 OK
r-devel-windows-x86_64 0.1.1 3.00 41.00 44.00 OK
r-patched-linux-x86_64 0.1.1 1.55 17.06 18.61 NOTE
r-release-linux-x86_64 0.1.1 1.81 16.86 18.67 NOTE
r-release-macos-arm64 0.1.1 14.00 NOTE
r-release-macos-x86_64 0.1.1 21.00 NOTE
r-release-windows-x86_64 0.1.1 3.00 40.00 43.00 NOTE
r-oldrel-macos-arm64 0.1.1 16.00 NOTE
r-oldrel-macos-x86_64 0.1.1 22.00 NOTE
r-oldrel-windows-x86_64 0.1.1 3.00 65.00 68.00 NOTE

Check Details

Version: 0.1.1
Check: LazyData
Result: NOTE 'LazyData' is specified without a 'data' directory Flavors: r-patched-linux-x86_64, r-release-linux-x86_64, r-release-macos-arm64, r-release-macos-x86_64, r-release-windows-x86_64, r-oldrel-macos-arm64, r-oldrel-macos-x86_64, r-oldrel-windows-x86_64