Last updated on 2025-05-12 09:51:35 CEST.
Flavor | Version | Tinstall | Tcheck | Ttotal | Status | Flags |
---|---|---|---|---|---|---|
r-devel-linux-x86_64-debian-clang | 2.0.1 | 5.28 | 28.86 | 34.14 | NOTE | |
r-devel-linux-x86_64-debian-gcc | 2.0.1 | 3.41 | 23.28 | 26.69 | NOTE | |
r-devel-linux-x86_64-fedora-clang | 2.0.1 | 50.60 | OK | |||
r-devel-linux-x86_64-fedora-gcc | 2.0.1 | 49.84 | OK | |||
r-devel-windows-x86_64 | 2.0.1 | 6.00 | 56.00 | 62.00 | OK | |
r-patched-linux-x86_64 | 2.0.1 | 5.26 | 26.62 | 31.88 | OK | |
r-release-linux-x86_64 | 2.0.1 | 4.96 | 26.91 | 31.87 | OK | |
r-release-macos-arm64 | 2.0.1 | 23.00 | OK | |||
r-release-macos-x86_64 | 2.0.1 | 33.00 | OK | |||
r-release-windows-x86_64 | 2.0.1 | 6.00 | 58.00 | 64.00 | OK | |
r-oldrel-macos-arm64 | 2.0.1 | 23.00 | OK | |||
r-oldrel-macos-x86_64 | 2.0.1 | 28.00 | OK | |||
r-oldrel-windows-x86_64 | 2.0.1 | 7.00 | 64.00 | 71.00 | OK |
Version: 2.0.1
Check: CRAN incoming feasibility
Result: NOTE
Maintainer: ‘Qingan Sun <quinsun@gmail.com>’
No Authors@R field in DESCRIPTION.
Please add one, modifying
Authors@R: c(person(given = "Qingan",
family = "Sun",
role = c("aut", "cre"),
email = "quinsun@gmail.com"),
person(given = "Xiaojun",
family = "Li",
role = "aut"),
person(given = c("James", "C"),
family = "Sacchettini",
role = "aut"))
as necessary.
Flavors: r-devel-linux-x86_64-debian-clang, r-devel-linux-x86_64-debian-gcc