Last updated on 2025-02-16 09:50:53 CET.
Flavor | Version | Tinstall | Tcheck | Ttotal | Status | Flags |
---|---|---|---|---|---|---|
r-devel-linux-x86_64-debian-clang | 1.0.3 | 37.63 | 83.40 | 121.03 | NOTE | |
r-devel-linux-x86_64-debian-gcc | 1.0.3 | 29.01 | 56.38 | 85.39 | NOTE | |
r-devel-linux-x86_64-fedora-clang | 1.0.3 | 212.99 | NOTE | |||
r-devel-linux-x86_64-fedora-gcc | 1.0.3 | 231.00 | NOTE | |||
r-devel-macos-arm64 | 1.0.3 | 56.00 | NOTE | |||
r-devel-macos-x86_64 | 1.0.3 | 102.00 | NOTE | |||
r-devel-windows-x86_64 | 1.0.3 | 40.00 | 118.00 | 158.00 | NOTE | |
r-patched-linux-x86_64 | 1.0.3 | 39.02 | 77.94 | 116.96 | NOTE | |
r-release-linux-x86_64 | 1.0.3 | 37.50 | 77.59 | 115.09 | NOTE | |
r-release-macos-arm64 | 1.0.3 | 56.00 | NOTE | |||
r-release-macos-x86_64 | 1.0.3 | 81.00 | NOTE | |||
r-release-windows-x86_64 | 1.0.3 | 43.00 | 121.00 | 164.00 | NOTE | |
r-oldrel-macos-arm64 | 1.0.3 | 60.00 | NOTE | |||
r-oldrel-macos-x86_64 | 1.0.3 | 100.00 | NOTE | |||
r-oldrel-windows-x86_64 | 1.0.3 | 50.00 | 136.00 | 186.00 | NOTE |
Version: 1.0.3
Check: C++ specification
Result: NOTE
Specified C++11: please drop specification unless essential
Flavors: r-devel-linux-x86_64-debian-clang, r-devel-linux-x86_64-debian-gcc, r-devel-linux-x86_64-fedora-clang, r-devel-linux-x86_64-fedora-gcc, r-devel-macos-arm64, r-devel-macos-x86_64, r-devel-windows-x86_64, r-patched-linux-x86_64, r-release-linux-x86_64, r-release-macos-arm64, r-release-macos-x86_64, r-release-windows-x86_64, r-oldrel-macos-arm64, r-oldrel-macos-x86_64, r-oldrel-windows-x86_64
Version: 1.0.3
Check: Rd files
Result: NOTE
checkRd: (-1) getKernel.Rd:25-26: Lost braces in \itemize; \value handles \item{}{} directly
checkRd: (-1) getKernel.Rd:27-28: Lost braces in \itemize; \value handles \item{}{} directly
Flavors: r-devel-linux-x86_64-debian-clang, r-devel-linux-x86_64-debian-gcc, r-devel-linux-x86_64-fedora-clang, r-devel-linux-x86_64-fedora-gcc, r-devel-macos-arm64, r-devel-macos-x86_64, r-devel-windows-x86_64, r-patched-linux-x86_64, r-release-linux-x86_64, r-release-macos-arm64, r-release-macos-x86_64, r-release-windows-x86_64
Version: 1.0.3
Check: installed package size
Result: NOTE
installed size is 5.1Mb
sub-directories of 1Mb or more:
libs 4.2Mb
Flavors: r-release-macos-arm64, r-release-macos-x86_64, r-oldrel-macos-arm64, r-oldrel-macos-x86_64