Last updated on 2025-02-16 09:50:53 CET.
Flavor | Version | Tinstall | Tcheck | Ttotal | Status | Flags |
---|---|---|---|---|---|---|
r-devel-linux-x86_64-debian-clang | 1.0-5 | 8.53 | 61.10 | 69.63 | NOTE | |
r-devel-linux-x86_64-debian-gcc | 1.0-5 | 6.26 | 47.80 | 54.06 | NOTE | |
r-devel-linux-x86_64-fedora-clang | 1.0-5 | 110.31 | NOTE | |||
r-devel-linux-x86_64-fedora-gcc | 1.0-5 | 108.04 | NOTE | |||
r-devel-macos-arm64 | 1.0-5 | 39.00 | NOTE | |||
r-devel-macos-x86_64 | 1.0-5 | 64.00 | NOTE | |||
r-devel-windows-x86_64 | 1.0-5 | 11.00 | 82.00 | 93.00 | NOTE | |
r-patched-linux-x86_64 | 1.0-5 | 7.59 | 56.50 | 64.09 | NOTE | |
r-release-linux-x86_64 | 1.0-5 | 6.99 | 58.35 | 65.34 | NOTE | |
r-release-macos-arm64 | 1.0-5 | 36.00 | NOTE | |||
r-release-macos-x86_64 | 1.0-5 | 64.00 | NOTE | |||
r-release-windows-x86_64 | 1.0-5 | 11.00 | 89.00 | 100.00 | NOTE | |
r-oldrel-macos-arm64 | 1.0-5 | 38.00 | NOTE | |||
r-oldrel-macos-x86_64 | 1.0-5 | 60.00 | NOTE | |||
r-oldrel-windows-x86_64 | 1.0-5 | 13.00 | 90.00 | 103.00 | NOTE |
Version: 1.0-5
Check: Rd files
Result: NOTE
checkRd: (-1) slp-package.Rd:38: Escaped LaTeX specials: \&
Flavors: r-devel-linux-x86_64-debian-clang, r-devel-linux-x86_64-debian-gcc, r-devel-linux-x86_64-fedora-clang, r-devel-linux-x86_64-fedora-gcc, r-devel-macos-arm64, r-devel-macos-x86_64, r-devel-windows-x86_64, r-patched-linux-x86_64, r-release-linux-x86_64, r-release-macos-arm64, r-release-macos-x86_64, r-release-windows-x86_64, r-oldrel-macos-arm64, r-oldrel-macos-x86_64, r-oldrel-windows-x86_64
Version: 1.0-5
Check: compiled code
Result: NOTE
File ‘slp/libs/slp.so’:
Found no calls to: ‘R_registerRoutines’, ‘R_useDynamicSymbols’
It is good practice to register native routines and to disable symbol
search.
See ‘Writing portable packages’ in the ‘Writing R Extensions’ manual.
Flavors: r-devel-linux-x86_64-fedora-clang, r-devel-linux-x86_64-fedora-gcc