Last updated on 2025-07-12 09:49:32 CEST.
Flavor | Version | Tinstall | Tcheck | Ttotal | Status | Flags |
---|---|---|---|---|---|---|
r-devel-linux-x86_64-debian-clang | 1.3.0 | 45.08 | 67.50 | 112.58 | OK | |
r-devel-linux-x86_64-debian-gcc | 1.3.0 | 32.37 | 48.34 | 80.71 | WARN | |
r-devel-linux-x86_64-fedora-clang | 1.3.0 | 200.44 | OK | |||
r-devel-linux-x86_64-fedora-gcc | 1.3.0 | 184.55 | OK | |||
r-devel-windows-x86_64 | 1.3.0 | 49.00 | 113.00 | 162.00 | OK | |
r-patched-linux-x86_64 | 1.3.0 | 45.80 | 62.79 | 108.59 | OK | |
r-release-linux-x86_64 | 1.3.0 | 40.71 | 62.22 | 102.93 | OK | |
r-release-macos-arm64 | 1.3.0 | 54.00 | OK | |||
r-release-macos-x86_64 | 1.3.0 | 118.00 | OK | |||
r-release-windows-x86_64 | 1.3.0 | 51.00 | 113.00 | 164.00 | OK | |
r-oldrel-macos-arm64 | 1.3.0 | 54.00 | NOTE | |||
r-oldrel-macos-x86_64 | 1.3.0 | 83.00 | NOTE | |||
r-oldrel-windows-x86_64 | 1.3.0 | 64.00 | 131.00 | 195.00 | NOTE |
Version: 1.3.0
Check: replacement functions
Result: WARN
‘estimate.:.slca’ ‘gof.:.slcafit’ ‘param.:.slcafit’
‘regress.:.slcafit’ ‘estimate.:.slca’ ‘gof.:.slcafit’
‘param.:.slcafit’ ‘regress.:.slcafit’
The argument of a replacement function which corresponds to the right
hand side must be named ‘value’.
Flavor: r-devel-linux-x86_64-debian-gcc
Version: 1.3.0
Check: installed package size
Result: NOTE
installed size is 6.6Mb
sub-directories of 1Mb or more:
data 3.8Mb
libs 2.2Mb
Flavors: r-oldrel-macos-arm64, r-oldrel-macos-x86_64, r-oldrel-windows-x86_64