Last updated on 2025-02-16 09:50:53 CET.
Flavor | Version | Tinstall | Tcheck | Ttotal | Status | Flags |
---|---|---|---|---|---|---|
r-devel-linux-x86_64-debian-clang | 0.1.3 | 4.61 | 31.34 | 35.95 | OK | |
r-devel-linux-x86_64-debian-gcc | 0.1.3 | 3.28 | 24.10 | 27.38 | OK | |
r-devel-linux-x86_64-fedora-clang | 0.1.3 | 57.24 | NOTE | |||
r-devel-linux-x86_64-fedora-gcc | 0.1.3 | 54.19 | NOTE | |||
r-devel-macos-arm64 | 0.1.3 | 24.00 | OK | |||
r-devel-macos-x86_64 | 0.1.3 | 37.00 | OK | |||
r-devel-windows-x86_64 | 0.1.3 | 8.00 | 51.00 | 59.00 | OK | |
r-patched-linux-x86_64 | 0.1.3 | 3.96 | 29.80 | 33.76 | OK | |
r-release-linux-x86_64 | 0.1.3 | 4.15 | 30.68 | 34.83 | OK | |
r-release-macos-arm64 | 0.1.3 | 22.00 | OK | |||
r-release-macos-x86_64 | 0.1.3 | 34.00 | OK | |||
r-release-windows-x86_64 | 0.1.3 | 6.00 | 52.00 | 58.00 | OK | |
r-oldrel-macos-arm64 | 0.1.3 | 25.00 | OK | |||
r-oldrel-macos-x86_64 | 0.1.3 | 32.00 | OK | |||
r-oldrel-windows-x86_64 | 0.1.3 | 9.00 | 57.00 | 66.00 | OK |
Version: 0.1.3
Check: dependencies in R code
Result: NOTE
Namespaces in Imports field not imported from:
‘dplyr’ ‘methods’
All declared Imports should be used.
Flavors: r-devel-linux-x86_64-fedora-clang, r-devel-linux-x86_64-fedora-gcc