Last updated on 2025-02-16 09:50:53 CET.
Flavor | Version | Tinstall | Tcheck | Ttotal | Status | Flags |
---|---|---|---|---|---|---|
r-devel-linux-x86_64-debian-clang | 1.4 | 1.56 | 15.40 | 16.96 | NOTE | |
r-devel-linux-x86_64-debian-gcc | 1.4 | 1.28 | 12.81 | 14.09 | NOTE | |
r-devel-linux-x86_64-fedora-clang | 1.4 | 27.75 | NOTE | |||
r-devel-linux-x86_64-fedora-gcc | 1.4 | 25.82 | NOTE | |||
r-devel-macos-arm64 | 1.4 | 15.00 | NOTE | |||
r-devel-macos-x86_64 | 1.4 | 21.00 | NOTE | |||
r-devel-windows-x86_64 | 1.4 | 3.00 | 35.00 | 38.00 | NOTE | |
r-patched-linux-x86_64 | 1.4 | 1.63 | 14.81 | 16.44 | NOTE | |
r-release-linux-x86_64 | 1.4 | 1.49 | 14.95 | 16.44 | NOTE | |
r-release-macos-arm64 | 1.4 | 14.00 | NOTE | |||
r-release-macos-x86_64 | 1.4 | 21.00 | NOTE | |||
r-release-windows-x86_64 | 1.4 | 2.00 | 34.00 | 36.00 | NOTE | |
r-oldrel-macos-arm64 | 1.4 | 17.00 | NOTE | |||
r-oldrel-macos-x86_64 | 1.4 | 18.00 | NOTE | |||
r-oldrel-windows-x86_64 | 1.4 | 3.00 | 35.00 | 38.00 | NOTE |
Version: 1.4
Check: DESCRIPTION meta-information
Result: NOTE
Malformed Description field: should contain one or more complete sentences.
Flavors: r-devel-linux-x86_64-debian-clang, r-devel-linux-x86_64-debian-gcc, r-devel-linux-x86_64-fedora-clang, r-devel-linux-x86_64-fedora-gcc, r-devel-macos-arm64, r-devel-macos-x86_64, r-devel-windows-x86_64, r-patched-linux-x86_64, r-release-linux-x86_64, r-release-macos-arm64, r-release-macos-x86_64, r-release-windows-x86_64, r-oldrel-macos-arm64, r-oldrel-macos-x86_64, r-oldrel-windows-x86_64
Version: 1.4
Check: LazyData
Result: NOTE
'LazyData' is specified without a 'data' directory
Flavors: r-patched-linux-x86_64, r-release-linux-x86_64, r-release-macos-arm64, r-release-macos-x86_64, r-release-windows-x86_64, r-oldrel-macos-arm64, r-oldrel-macos-x86_64, r-oldrel-windows-x86_64