Last updated on 2025-04-15 09:52:32 CEST.
Flavor | Version | Tinstall | Tcheck | Ttotal | Status | Flags |
---|---|---|---|---|---|---|
r-devel-linux-x86_64-debian-clang | 1.0.5 | 56.75 | 118.46 | 175.21 | OK | |
r-devel-linux-x86_64-debian-gcc | 1.0.5 | 39.82 | 80.59 | 120.41 | OK | |
r-devel-linux-x86_64-fedora-clang | 1.0.5 | 314.06 | OK | |||
r-devel-linux-x86_64-fedora-gcc | 1.0.5 | 306.68 | OK | |||
r-devel-windows-x86_64 | 1.0.5 | 63.00 | 146.00 | 209.00 | OK | |
r-patched-linux-x86_64 | 1.0.5 | 56.39 | 112.76 | 169.15 | OK | |
r-release-linux-x86_64 | 1.0.5 | 59.39 | 111.53 | 170.92 | OK | |
r-release-macos-arm64 | 1.0.5 | 100.00 | OK | |||
r-release-macos-x86_64 | 1.0.5 | 144.00 | OK | |||
r-release-windows-x86_64 | 1.0.5 | 70.00 | 147.00 | 217.00 | OK | |
r-oldrel-macos-arm64 | 1.0.5 | 90.00 | NOTE | |||
r-oldrel-macos-x86_64 | 1.0.5 | 194.00 | OK | |||
r-oldrel-windows-x86_64 | 1.0.5 | 79.00 | 187.00 | 266.00 | OK |
Version: 1.0.5
Check: installed package size
Result: NOTE
installed size is 5.0Mb
sub-directories of 1Mb or more:
libs 3.4Mb
Flavor: r-oldrel-macos-arm64