Last updated on 2025-02-19 09:51:03 CET.
Flavor | Version | Tinstall | Tcheck | Ttotal | Status | Flags |
---|---|---|---|---|---|---|
r-devel-linux-x86_64-debian-clang | 1.8-1 | 5.84 | 39.14 | 44.98 | OK | |
r-devel-linux-x86_64-debian-gcc | 1.8-1 | 4.03 | 27.81 | 31.84 | OK | |
r-devel-linux-x86_64-fedora-clang | 1.8-1 | 71.05 | NOTE | |||
r-devel-linux-x86_64-fedora-gcc | 1.8-1 | 67.37 | NOTE | |||
r-devel-macos-arm64 | 1.8-1 | 25.00 | OK | |||
r-devel-macos-x86_64 | 1.8-1 | 47.00 | OK | |||
r-devel-windows-x86_64 | 1.8-1 | 10.00 | 84.00 | 94.00 | OK | |
r-patched-linux-x86_64 | 1.8-1 | 6.50 | 36.31 | 42.81 | OK | |
r-release-linux-x86_64 | 1.8-1 | 5.17 | 36.28 | 41.45 | OK | |
r-release-macos-arm64 | 1.8-1 | 32.00 | OK | |||
r-release-macos-x86_64 | 1.8-1 | 96.00 | OK | |||
r-release-windows-x86_64 | 1.8-1 | 11.00 | 75.00 | 86.00 | OK | |
r-oldrel-macos-arm64 | 1.8-1 | 47.00 | OK | |||
r-oldrel-macos-x86_64 | 1.8-1 | 80.00 | OK | |||
r-oldrel-windows-x86_64 | 1.8-1 | 12.00 | 93.00 | 105.00 | OK |
Version: 1.8-1
Check: compiled code
Result: NOTE
File ‘signal/libs/signal.so’:
Found no calls to: ‘R_registerRoutines’, ‘R_useDynamicSymbols’
It is good practice to register native routines and to disable symbol
search.
See ‘Writing portable packages’ in the ‘Writing R Extensions’ manual.
Flavors: r-devel-linux-x86_64-fedora-clang, r-devel-linux-x86_64-fedora-gcc