Last updated on 2025-02-16 09:50:52 CET.
Flavor | Version | Tinstall | Tcheck | Ttotal | Status | Flags |
---|---|---|---|---|---|---|
r-devel-linux-x86_64-debian-clang | 0.1.24 | 6.02 | 52.25 | 58.27 | OK | |
r-devel-linux-x86_64-debian-gcc | 0.1.24 | 4.38 | 39.25 | 43.63 | OK | |
r-devel-linux-x86_64-fedora-clang | 0.1.24 | 100.15 | NOTE | |||
r-devel-linux-x86_64-fedora-gcc | 0.1.24 | 102.16 | NOTE | |||
r-devel-macos-arm64 | 0.1.24 | 35.00 | OK | |||
r-devel-macos-x86_64 | 0.1.24 | 71.00 | OK | |||
r-devel-windows-x86_64 | 0.1.24 | 8.00 | 65.00 | 73.00 | OK | |
r-patched-linux-x86_64 | 0.1.24 | 5.18 | 48.12 | 53.30 | OK | |
r-release-linux-x86_64 | 0.1.24 | 5.59 | 48.00 | 53.59 | OK | |
r-release-macos-arm64 | 0.1.24 | 43.00 | OK | |||
r-release-macos-x86_64 | 0.1.24 | 89.00 | OK | |||
r-release-windows-x86_64 | 0.1.24 | 8.00 | 64.00 | 72.00 | OK | |
r-oldrel-macos-arm64 | 0.1.24 | 10.00 | ERROR | |||
r-oldrel-macos-x86_64 | 0.1.24 | 11.00 | ERROR | |||
r-oldrel-windows-x86_64 | 0.1.24 | 9.00 | 73.00 | 82.00 | OK |
Version: 0.1.24
Check: dependencies in R code
Result: NOTE
Namespaces in Imports field not imported from:
‘KernSmooth’ ‘MASS’ ‘class’ ‘cluster’ ‘lattice’ ‘nnet’
All declared Imports should be used.
Flavors: r-devel-linux-x86_64-fedora-clang, r-devel-linux-x86_64-fedora-gcc
Version: 0.1.24
Check: package dependencies
Result: ERROR
Package required but not available: ‘GSVA’
See section ‘The DESCRIPTION file’ in the ‘Writing R Extensions’
manual.
Flavors: r-oldrel-macos-arm64, r-oldrel-macos-x86_64