CRAN Package Check Results for Package shortcuts

Last updated on 2025-02-16 09:50:52 CET.

Flavor Version Tinstall Tcheck Ttotal Status Flags
r-devel-linux-x86_64-debian-clang 1.4.0 1.98 16.68 18.66 OK
r-devel-linux-x86_64-debian-gcc 1.4.0 1.36 13.32 14.68 OK
r-devel-linux-x86_64-fedora-clang 1.4.0 30.65 OK
r-devel-linux-x86_64-fedora-gcc 1.4.0 28.46 OK
r-devel-macos-arm64 1.4.0 15.00 OK
r-devel-macos-x86_64 1.4.0 22.00 OK
r-devel-windows-x86_64 1.4.0 2.00 45.00 47.00 OK
r-patched-linux-x86_64 1.4.0 1.83 16.36 18.19 NOTE
r-release-linux-x86_64 1.4.0 1.94 16.20 18.14 NOTE
r-release-macos-arm64 1.4.0 15.00 NOTE
r-release-macos-x86_64 1.4.0 20.00 NOTE
r-release-windows-x86_64 1.4.0 4.00 48.00 52.00 NOTE
r-oldrel-macos-arm64 1.4.0 16.00 NOTE
r-oldrel-macos-x86_64 1.4.0 20.00 NOTE
r-oldrel-windows-x86_64 1.4.0 3.00 40.00 43.00 NOTE

Check Details

Version: 1.4.0
Check: LazyData
Result: NOTE 'LazyData' is specified without a 'data' directory Flavors: r-patched-linux-x86_64, r-release-linux-x86_64, r-release-macos-arm64, r-release-macos-x86_64, r-release-windows-x86_64, r-oldrel-macos-arm64, r-oldrel-macos-x86_64, r-oldrel-windows-x86_64