Last updated on 2025-02-16 09:50:52 CET.
Flavor | Version | Tinstall | Tcheck | Ttotal | Status | Flags |
---|---|---|---|---|---|---|
r-devel-linux-x86_64-debian-clang | 2.6.0 | 25.16 | 155.18 | 180.34 | OK | |
r-devel-linux-x86_64-debian-gcc | 2.6.0 | 19.96 | 113.44 | 133.40 | OK | |
r-devel-linux-x86_64-fedora-clang | 2.6.0 | 298.03 | OK | |||
r-devel-linux-x86_64-fedora-gcc | 2.6.0 | 288.33 | OK | |||
r-devel-macos-arm64 | 2.6.0 | 73.00 | OK | |||
r-devel-macos-x86_64 | 2.6.0 | 156.00 | ERROR | |||
r-devel-windows-x86_64 | 2.6.0 | 19.00 | 145.00 | 164.00 | OK | |
r-patched-linux-x86_64 | 2.6.0 | 22.76 | 148.83 | 171.59 | NOTE | |
r-release-linux-x86_64 | 2.6.0 | 26.16 | 149.53 | 175.69 | NOTE | |
r-release-macos-arm64 | 2.6.0 | 79.00 | NOTE | |||
r-release-macos-x86_64 | 2.6.0 | 139.00 | NOTE | |||
r-release-windows-x86_64 | 2.6.0 | 18.00 | 149.00 | 167.00 | NOTE | |
r-oldrel-macos-arm64 | 2.6.0 | 68.00 | NOTE | |||
r-oldrel-macos-x86_64 | 2.6.0 | 106.00 | NOTE | |||
r-oldrel-windows-x86_64 | 2.6.0 | 24.00 | 187.00 | 211.00 | NOTE |
Version: 2.6.0
Check: tests
Result: ERROR
Running ‘testthat.R’ [5s/8s]
Running the tests in ‘tests/testthat.R’ failed.
Complete output:
> library(testthat)
> library(shinystan)
Loading required package: shiny
This is shinystan version 2.6.0
>
> test_check("shinystan")
[ FAIL 1 | WARN 0 | SKIP 6 | PASS 125 ]
══ Skipped tests (6) ═══════════════════════════════════════════════════════════
• On CRAN (1): 'test_creating_sso.R:197:3'
• {rstanarm} is not installed (5): 'test_creating_sso.R:45:3',
'test_creating_sso.R:60:3', 'test_creating_sso.R:135:3',
'test_creating_sso.R:150:3', 'test_creating_sso.R:161:3'
══ Failed tests ════════════════════════════════════════════════════════════════
── Error ('test_misc.R:2:1'): (code run outside of `test_that()`) ──────────────
<packageNotFoundError/error/condition>
Error in `library(rstanarm)`: there is no package called 'rstanarm'
Backtrace:
▆
1. └─base::library(rstanarm) at test_misc.R:2:1
[ FAIL 1 | WARN 0 | SKIP 6 | PASS 125 ]
Error: Test failures
Execution halted
Flavor: r-devel-macos-x86_64
Version: 2.6.0
Check: package dependencies
Result: NOTE
Package suggested but not available for checking: ‘cmdstanr’
Flavors: r-patched-linux-x86_64, r-release-linux-x86_64, r-release-macos-arm64, r-release-macos-x86_64, r-release-windows-x86_64, r-oldrel-macos-arm64, r-oldrel-macos-x86_64, r-oldrel-windows-x86_64