Last updated on 2025-02-16 09:50:52 CET.
Flavor | Version | Tinstall | Tcheck | Ttotal | Status | Flags |
---|---|---|---|---|---|---|
r-devel-linux-x86_64-debian-clang | 0.1.0 | 2.48 | 27.87 | 30.35 | OK | |
r-devel-linux-x86_64-debian-gcc | 0.1.0 | 1.75 | 22.03 | 23.78 | OK | |
r-devel-linux-x86_64-fedora-clang | 0.1.0 | 50.61 | OK | |||
r-devel-linux-x86_64-fedora-gcc | 0.1.0 | 60.63 | OK | |||
r-devel-macos-arm64 | 0.1.0 | 29.00 | OK | |||
r-devel-macos-x86_64 | 0.1.0 | 46.00 | OK | |||
r-devel-windows-x86_64 | 0.1.0 | 5.00 | 55.00 | 60.00 | OK | |
r-patched-linux-x86_64 | 0.1.0 | 1.98 | 26.71 | 28.69 | NOTE | |
r-release-linux-x86_64 | 0.1.0 | 2.50 | 26.91 | 29.41 | NOTE | |
r-release-macos-arm64 | 0.1.0 | 30.00 | NOTE | |||
r-release-macos-x86_64 | 0.1.0 | 38.00 | NOTE | |||
r-release-windows-x86_64 | 0.1.0 | 4.00 | 60.00 | 64.00 | NOTE | |
r-oldrel-macos-arm64 | 0.1.0 | 28.00 | NOTE | |||
r-oldrel-macos-x86_64 | 0.1.0 | 36.00 | NOTE | |||
r-oldrel-windows-x86_64 | 0.1.0 | 5.00 | 49.00 | 54.00 | NOTE |
Version: 0.1.0
Check: LazyData
Result: NOTE
'LazyData' is specified without a 'data' directory
Flavors: r-patched-linux-x86_64, r-release-linux-x86_64, r-release-macos-arm64, r-release-macos-x86_64, r-release-windows-x86_64, r-oldrel-macos-arm64, r-oldrel-macos-x86_64, r-oldrel-windows-x86_64