CRAN Package Check Results for Package shinyMonacoEditor

Last updated on 2025-02-20 09:51:03 CET.

Flavor Version Tinstall Tcheck Ttotal Status Flags
r-devel-linux-x86_64-debian-clang 1.1.0 4.59 27.89 32.48 OK
r-devel-linux-x86_64-debian-gcc 1.1.0 3.27 21.62 24.89 OK
r-devel-linux-x86_64-fedora-clang 1.1.0 55.14 OK
r-devel-linux-x86_64-fedora-gcc 1.1.0 48.64 OK
r-devel-macos-arm64 1.1.0 23.00 OK
r-devel-macos-x86_64 1.1.0 35.00 OK
r-devel-windows-x86_64 1.1.0 11.00 49.00 60.00 OK
r-patched-linux-x86_64 1.1.0 3.78 26.78 30.56 NOTE
r-release-linux-x86_64 1.1.0 4.64 26.35 30.99 NOTE
r-release-macos-arm64 1.1.0 21.00 NOTE
r-release-macos-x86_64 1.1.0 30.00 NOTE
r-release-windows-x86_64 1.1.0 10.00 48.00 58.00 NOTE
r-oldrel-macos-arm64 1.1.0 23.00 NOTE
r-oldrel-macos-x86_64 1.1.0 31.00 NOTE
r-oldrel-windows-x86_64 1.1.0 10.00 54.00 64.00 NOTE

Check Details

Version: 1.1.0
Check: package dependencies
Result: NOTE Package suggested but not available for checking: ‘uchardet’ Flavors: r-patched-linux-x86_64, r-release-linux-x86_64, r-release-macos-arm64, r-release-macos-x86_64

Version: 1.1.0
Check: LazyData
Result: NOTE 'LazyData' is specified without a 'data' directory Flavors: r-patched-linux-x86_64, r-release-linux-x86_64, r-release-macos-arm64, r-release-macos-x86_64, r-release-windows-x86_64, r-oldrel-macos-arm64, r-oldrel-macos-x86_64, r-oldrel-windows-x86_64

Version: 1.1.0
Check: installed package size
Result: NOTE installed size is 21.1Mb sub-directories of 1Mb or more: shinyApp 21.0Mb Flavors: r-release-macos-arm64, r-release-macos-x86_64, r-release-windows-x86_64, r-oldrel-macos-arm64, r-oldrel-macos-x86_64, r-oldrel-windows-x86_64