Last updated on 2025-02-16 09:50:52 CET.
Flavor | Version | Tinstall | Tcheck | Ttotal | Status | Flags |
---|---|---|---|---|---|---|
r-devel-linux-x86_64-debian-clang | 0.4.2 | 3.79 | 33.22 | 37.01 | NOTE | |
r-devel-linux-x86_64-debian-gcc | 0.4.2 | 2.72 | 25.26 | 27.98 | NOTE | |
r-devel-linux-x86_64-fedora-clang | 0.4.2 | 59.71 | NOTE | |||
r-devel-linux-x86_64-fedora-gcc | 0.4.2 | 54.68 | NOTE | |||
r-devel-macos-arm64 | 0.4.2 | 21.00 | NOTE | |||
r-devel-macos-x86_64 | 0.4.2 | 42.00 | NOTE | |||
r-devel-windows-x86_64 | 0.4.2 | 6.00 | 56.00 | 62.00 | NOTE | |
r-patched-linux-x86_64 | 0.4.2 | 3.48 | 31.33 | 34.81 | NOTE | |
r-release-linux-x86_64 | 0.4.2 | 3.71 | 31.70 | 35.41 | NOTE | |
r-release-macos-arm64 | 0.4.2 | 21.00 | NOTE | |||
r-release-macos-x86_64 | 0.4.2 | 33.00 | NOTE | |||
r-release-windows-x86_64 | 0.4.2 | 5.00 | 59.00 | 64.00 | NOTE | |
r-oldrel-macos-arm64 | 0.4.2 | 24.00 | OK | |||
r-oldrel-macos-x86_64 | 0.4.2 | 30.00 | OK | |||
r-oldrel-windows-x86_64 | 0.4.2 | 6.00 | 66.00 | 72.00 | OK |
Version: 0.4.2
Check: Rd files
Result: NOTE
checkRd: (-1) js_calls.Rd:63: Lost braces in \itemize; meant \describe ?
checkRd: (-1) js_calls.Rd:64: Lost braces in \itemize; meant \describe ?
checkRd: (-1) js_calls.Rd:65-66: Lost braces in \itemize; meant \describe ?
checkRd: (-1) js_calls.Rd:67: Lost braces in \itemize; meant \describe ?
checkRd: (-1) js_calls.Rd:68: Lost braces in \itemize; meant \describe ?
checkRd: (-1) js_calls.Rd:69: Lost braces in \itemize; meant \describe ?
checkRd: (-1) pickCheckboxNamesAndLabels.Rd:14: Lost braces
14 | \item{choices}{link{pickCheckboxInput} choices list.}
| ^
Flavors: r-devel-linux-x86_64-debian-clang, r-devel-linux-x86_64-debian-gcc, r-devel-linux-x86_64-fedora-clang, r-devel-linux-x86_64-fedora-gcc, r-devel-macos-arm64, r-devel-macos-x86_64, r-devel-windows-x86_64, r-patched-linux-x86_64, r-release-linux-x86_64, r-release-macos-arm64, r-release-macos-x86_64, r-release-windows-x86_64