Last updated on 2025-02-16 09:50:52 CET.
Flavor | Version | Tinstall | Tcheck | Ttotal | Status | Flags |
---|---|---|---|---|---|---|
r-devel-linux-x86_64-debian-clang | 1.4.5 | 9.44 | 374.68 | 384.12 | NOTE | |
r-devel-linux-x86_64-debian-gcc | 1.4.5 | 5.35 | 248.35 | 253.70 | NOTE | |
r-devel-linux-x86_64-fedora-clang | 1.4.5 | 646.76 | NOTE | |||
r-devel-linux-x86_64-fedora-gcc | 1.4.5 | 634.57 | NOTE | |||
r-devel-macos-arm64 | 1.4.5 | 159.00 | OK | |||
r-devel-macos-x86_64 | 1.4.5 | 331.00 | NOTE | |||
r-devel-windows-x86_64 | 1.4.5 | 12.00 | 302.00 | 314.00 | NOTE | |
r-patched-linux-x86_64 | 1.4.5 | 9.37 | 354.54 | 363.91 | OK | |
r-release-linux-x86_64 | 1.4.5 | 7.96 | 353.67 | 361.63 | OK | |
r-release-macos-arm64 | 1.4.5 | 139.00 | OK | |||
r-release-macos-x86_64 | 1.4.5 | 219.00 | OK | |||
r-release-windows-x86_64 | 1.4.5 | 13.00 | 305.00 | 318.00 | OK | |
r-oldrel-macos-arm64 | 1.4.5 | 151.00 | OK | |||
r-oldrel-macos-x86_64 | 1.4.5 | 310.00 | OK | |||
r-oldrel-windows-x86_64 | 1.4.5 | 14.00 | 399.00 | 413.00 | OK |
Version: 1.4.5
Check: DESCRIPTION meta-information
Result: NOTE
Missing dependency on R >= 4.1.0 because package code uses the pipe
|> or function shorthand \(...) syntax added in R 4.1.0.
File(s) using such syntax:
‘sample_systematic.R’
Flavors: r-devel-linux-x86_64-debian-clang, r-devel-linux-x86_64-debian-gcc, r-devel-linux-x86_64-fedora-clang, r-devel-linux-x86_64-fedora-gcc, r-devel-macos-x86_64, r-devel-windows-x86_64