Last updated on 2025-02-19 09:51:03 CET.
Flavor | Version | Tinstall | Tcheck | Ttotal | Status | Flags |
---|---|---|---|---|---|---|
r-devel-linux-x86_64-debian-clang | 2.2-1 | 12.90 | 83.51 | 96.41 | NOTE | |
r-devel-linux-x86_64-debian-gcc | 2.2-1 | 8.85 | 61.95 | 70.80 | NOTE | |
r-devel-linux-x86_64-fedora-clang | 2.2-1 | 148.68 | OK | |||
r-devel-linux-x86_64-fedora-gcc | 2.2-1 | 142.01 | OK | |||
r-devel-macos-arm64 | 2.2-1 | 45.00 | OK | |||
r-devel-macos-x86_64 | 2.2-1 | 83.00 | OK | |||
r-devel-windows-x86_64 | 2.2-1 | 14.00 | 103.00 | 117.00 | NOTE | |
r-patched-linux-x86_64 | 2.2-1 | 19.62 | 79.63 | 99.25 | OK | |
r-release-linux-x86_64 | 2.2-1 | 11.83 | 78.82 | 90.65 | OK | |
r-release-macos-arm64 | 2.2-1 | 40.00 | OK | |||
r-release-macos-x86_64 | 2.2-1 | 65.00 | OK | |||
r-release-windows-x86_64 | 2.2-1 | 13.00 | 100.00 | 113.00 | OK | |
r-oldrel-macos-arm64 | 2.2-1 | 48.00 | OK | |||
r-oldrel-macos-x86_64 | 2.2-1 | 74.00 | OK | |||
r-oldrel-windows-x86_64 | 2.2-1 | 18.00 | 112.00 | 130.00 | OK |
Version: 2.2-1
Check: Rd cross-references
Result: NOTE
Found the following Rd file(s) with Rd \link{} targets missing package
anchors:
fPCAassessment.Rd: fda
fPCAcapacity.Rd: fda
Please provide package anchors for all Rd \link{} targets not in the
package itself and the base packages.
Flavors: r-devel-linux-x86_64-debian-clang, r-devel-linux-x86_64-debian-gcc, r-devel-windows-x86_64