Last updated on 2025-02-16 09:50:52 CET.
Flavor | Version | Tinstall | Tcheck | Ttotal | Status | Flags |
---|---|---|---|---|---|---|
r-devel-linux-x86_64-debian-clang | 0.2.3 | 388.25 | 36.65 | 424.90 | NOTE | |
r-devel-linux-x86_64-debian-gcc | 0.2.3 | 329.14 | 27.85 | 356.99 | NOTE | |
r-devel-linux-x86_64-fedora-clang | 0.2.3 | 931.36 | NOTE | |||
r-devel-linux-x86_64-fedora-gcc | 0.2.3 | 1051.19 | NOTE | |||
r-devel-macos-arm64 | 0.2.3 | 169.00 | NOTE | |||
r-devel-macos-x86_64 | 0.2.3 | 159.00 | NOTE | |||
r-devel-windows-x86_64 | 0.2.3 | 514.00 | 92.00 | 606.00 | NOTE | |
r-patched-linux-x86_64 | 0.2.3 | 477.47 | 34.92 | 512.39 | NOTE | |
r-release-linux-x86_64 | 0.2.3 | 484.81 | 34.06 | 518.87 | NOTE | |
r-release-macos-arm64 | 0.2.3 | 185.00 | NOTE | |||
r-release-macos-x86_64 | 0.2.3 | 143.00 | NOTE | |||
r-release-windows-x86_64 | 0.2.3 | 539.00 | 96.00 | 635.00 | NOTE | |
r-oldrel-macos-arm64 | 0.2.3 | 245.00 | NOTE | |||
r-oldrel-macos-x86_64 | 0.2.3 | 443.00 | NOTE | |||
r-oldrel-windows-x86_64 | 0.2.3 | 610.00 | 103.00 | 713.00 | NOTE |
Version: 0.2.3
Check: C++ specification
Result: NOTE
Specified C++11: please drop specification unless essential
Flavors: r-devel-linux-x86_64-debian-clang, r-devel-linux-x86_64-debian-gcc, r-devel-linux-x86_64-fedora-clang, r-devel-linux-x86_64-fedora-gcc, r-devel-macos-arm64, r-devel-macos-x86_64, r-devel-windows-x86_64, r-patched-linux-x86_64, r-release-linux-x86_64, r-release-macos-arm64, r-release-macos-x86_64, r-release-windows-x86_64, r-oldrel-macos-arm64, r-oldrel-macos-x86_64, r-oldrel-windows-x86_64
Version: 0.2.3
Check: installed package size
Result: NOTE
installed size is 21.5Mb
sub-directories of 1Mb or more:
libs 19.7Mb
models 1.6Mb
Flavors: r-release-macos-arm64, r-release-macos-x86_64, r-release-windows-x86_64, r-oldrel-macos-arm64, r-oldrel-macos-x86_64, r-oldrel-windows-x86_64