Last updated on 2025-02-16 09:50:52 CET.
Flavor | Version | Tinstall | Tcheck | Ttotal | Status | Flags |
---|---|---|---|---|---|---|
r-devel-linux-x86_64-debian-clang | 1.4-0 | 2.00 | 22.57 | 24.57 | NOTE | |
r-devel-linux-x86_64-debian-gcc | 1.4-0 | 1.59 | 18.49 | 20.08 | NOTE | |
r-devel-linux-x86_64-fedora-clang | 1.4-0 | 40.99 | NOTE | |||
r-devel-linux-x86_64-fedora-gcc | 1.4-0 | 51.80 | NOTE | |||
r-devel-macos-arm64 | 1.4-0 | 26.00 | NOTE | |||
r-devel-macos-x86_64 | 1.4-0 | 67.00 | NOTE | |||
r-devel-windows-x86_64 | 1.4-0 | 3.00 | 47.00 | 50.00 | NOTE | |
r-patched-linux-x86_64 | 1.4-0 | 1.71 | 21.45 | 23.16 | NOTE | |
r-release-linux-x86_64 | 1.4-0 | 1.85 | 21.72 | 23.57 | NOTE | |
r-release-macos-arm64 | 1.4-0 | 26.00 | NOTE | |||
r-release-macos-x86_64 | 1.4-0 | 34.00 | NOTE | |||
r-release-windows-x86_64 | 1.4-0 | 3.00 | 47.00 | 50.00 | NOTE | |
r-oldrel-macos-arm64 | 1.4-0 | 22.00 | OK | |||
r-oldrel-macos-x86_64 | 1.4-0 | 32.00 | OK | |||
r-oldrel-windows-x86_64 | 1.4-0 | 4.00 | 50.00 | 54.00 | OK |
Version: 1.4-0
Check: Rd files
Result: NOTE
checkRd: (-1) sendmail_options.Rd:32-35: Lost braces in \itemize; meant \describe ?
checkRd: (-1) sendmail_options.Rd:36-37: Lost braces in \itemize; meant \describe ?
checkRd: (-1) sendmail_options.Rd:38-39: Lost braces in \itemize; meant \describe ?
Flavors: r-devel-linux-x86_64-debian-clang, r-devel-linux-x86_64-debian-gcc, r-devel-linux-x86_64-fedora-clang, r-devel-linux-x86_64-fedora-gcc, r-devel-macos-arm64, r-devel-macos-x86_64, r-devel-windows-x86_64, r-patched-linux-x86_64, r-release-linux-x86_64, r-release-macos-arm64, r-release-macos-x86_64, r-release-windows-x86_64