Last updated on 2025-02-20 09:51:03 CET.
Flavor | Version | Tinstall | Tcheck | Ttotal | Status | Flags |
---|---|---|---|---|---|---|
r-devel-linux-x86_64-debian-clang | 0.9.20 | 19.28 | 879.05 | 898.33 | NOTE | |
r-devel-linux-x86_64-debian-gcc | 0.9.20 | 11.92 | 379.38 | 391.30 | NOTE | |
r-devel-linux-x86_64-fedora-clang | 0.9.20 | 795.97 | OK | |||
r-devel-linux-x86_64-fedora-gcc | 0.9.20 | 760.66 | OK | |||
r-devel-macos-arm64 | 0.9.20 | 216.00 | OK | |||
r-devel-macos-x86_64 | 0.9.20 | 444.00 | OK | |||
r-devel-windows-x86_64 | 0.9.20 | 19.00 | 384.00 | 403.00 | NOTE | |
r-patched-linux-x86_64 | 0.9.20 | 22.56 | 467.98 | 490.54 | OK | |
r-release-linux-x86_64 | 0.9.20 | 16.40 | 489.78 | 506.18 | OK | |
r-release-macos-arm64 | 0.9.20 | 195.00 | OK | |||
r-release-macos-x86_64 | 0.9.20 | 336.00 | NOTE | |||
r-release-windows-x86_64 | 0.9.20 | 19.00 | 389.00 | 408.00 | OK | |
r-oldrel-macos-arm64 | 0.9.20 | 194.00 | OK | |||
r-oldrel-macos-x86_64 | 0.9.20 | 569.00 | OK | |||
r-oldrel-windows-x86_64 | 0.9.20 | 25.00 | 511.00 | 536.00 | OK |
Version: 0.9.20
Check: Rd cross-references
Result: NOTE
Found the following Rd file(s) with Rd \link{} targets missing package
anchors:
evaluateDataLikelihood.Rd: OpenMx
semtree.Rd: OpenMx, mxModel
Please provide package anchors for all Rd \link{} targets not in the
package itself and the base packages.
Flavors: r-devel-linux-x86_64-debian-clang, r-devel-linux-x86_64-debian-gcc, r-devel-windows-x86_64
Version: 0.9.20
Check: package dependencies
Result: NOTE
Package suggested but not available for checking: ‘ctsemOMX’
Flavor: r-release-macos-x86_64