Last updated on 2025-02-16 09:50:52 CET.
Flavor | Version | Tinstall | Tcheck | Ttotal | Status | Flags |
---|---|---|---|---|---|---|
r-devel-linux-x86_64-debian-clang | 1.1.0 | 4.92 | 22.56 | 27.48 | OK | |
r-devel-linux-x86_64-debian-gcc | 1.1.0 | 3.78 | 18.20 | 21.98 | OK | |
r-devel-linux-x86_64-fedora-clang | 1.1.0 | 42.14 | OK | |||
r-devel-linux-x86_64-fedora-gcc | 1.1.0 | 37.88 | OK | |||
r-devel-macos-arm64 | 1.1.0 | 20.00 | OK | |||
r-devel-macos-x86_64 | 1.1.0 | 31.00 | OK | |||
r-devel-windows-x86_64 | 1.1.0 | 8.00 | 52.00 | 60.00 | OK | |
r-patched-linux-x86_64 | 1.1.0 | 3.62 | 21.44 | 25.06 | OK | |
r-release-linux-x86_64 | 1.1.0 | 4.82 | 21.55 | 26.37 | OK | |
r-release-macos-arm64 | 1.1.0 | 19.00 | NOTE | |||
r-release-macos-x86_64 | 1.1.0 | 29.00 | NOTE | |||
r-release-windows-x86_64 | 1.1.0 | 8.00 | 44.00 | 52.00 | NOTE | |
r-oldrel-macos-arm64 | 1.1.0 | 23.00 | NOTE | |||
r-oldrel-macos-x86_64 | 1.1.0 | 40.00 | NOTE | |||
r-oldrel-windows-x86_64 | 1.1.0 | 9.00 | 48.00 | 57.00 | NOTE |
Version: 1.1.0
Check: installed package size
Result: NOTE
installed size is 34.5Mb
sub-directories of 1Mb or more:
www 34.4Mb
Flavors: r-release-macos-arm64, r-release-macos-x86_64, r-release-windows-x86_64, r-oldrel-macos-arm64, r-oldrel-macos-x86_64, r-oldrel-windows-x86_64