Last updated on 2025-02-16 09:50:52 CET.
Flavor | Version | Tinstall | Tcheck | Ttotal | Status | Flags |
---|---|---|---|---|---|---|
r-devel-linux-x86_64-debian-clang | 1.1.0 | 2.17 | 19.69 | 21.86 | OK | |
r-devel-linux-x86_64-debian-gcc | 1.1.0 | 1.78 | 15.42 | 17.20 | OK | |
r-devel-linux-x86_64-fedora-clang | 1.1.0 | 35.73 | OK | |||
r-devel-linux-x86_64-fedora-gcc | 1.1.0 | 32.49 | OK | |||
r-devel-macos-arm64 | 1.1.0 | 19.00 | OK | |||
r-devel-macos-x86_64 | 1.1.0 | 25.00 | OK | |||
r-devel-windows-x86_64 | 1.1.0 | 3.00 | 42.00 | 45.00 | OK | |
r-patched-linux-x86_64 | 1.1.0 | 2.43 | 18.53 | 20.96 | NOTE | |
r-release-linux-x86_64 | 1.1.0 | 2.06 | 18.74 | 20.80 | NOTE | |
r-release-macos-arm64 | 1.1.0 | 17.00 | NOTE | |||
r-release-macos-x86_64 | 1.1.0 | 23.00 | NOTE | |||
r-release-windows-x86_64 | 1.1.0 | 3.00 | 53.00 | 56.00 | NOTE | |
r-oldrel-macos-arm64 | 1.1.0 | 16.00 | NOTE | |||
r-oldrel-macos-x86_64 | 1.1.0 | 23.00 | NOTE | |||
r-oldrel-windows-x86_64 | 1.1.0 | 4.00 | 52.00 | 56.00 | NOTE |
Version: 1.1.0
Check: LazyData
Result: NOTE
'LazyData' is specified without a 'data' directory
Flavors: r-patched-linux-x86_64, r-release-linux-x86_64, r-release-macos-arm64, r-release-macos-x86_64, r-release-windows-x86_64, r-oldrel-macos-arm64, r-oldrel-macos-x86_64, r-oldrel-windows-x86_64