Last updated on 2025-02-19 09:51:02 CET.
Flavor | Version | Tinstall | Tcheck | Ttotal | Status | Flags |
---|---|---|---|---|---|---|
r-devel-linux-x86_64-debian-clang | 3.1.0 | 68.07 | 121.45 | 189.52 | NOTE | |
r-devel-linux-x86_64-debian-gcc | 3.1.0 | 46.36 | 120.11 | 166.47 | NOTE | |
r-devel-linux-x86_64-fedora-clang | 3.1.0 | 310.44 | OK | |||
r-devel-linux-x86_64-fedora-gcc | 3.1.0 | 330.15 | OK | |||
r-devel-macos-arm64 | 3.1.0 | 102.00 | OK | |||
r-devel-macos-x86_64 | 3.1.0 | 166.00 | OK | |||
r-devel-windows-x86_64 | 3.1.0 | 72.00 | 152.00 | 224.00 | NOTE | |
r-patched-linux-x86_64 | 3.1.0 | 72.13 | 119.52 | 191.65 | OK | |
r-release-linux-x86_64 | 3.1.0 | 71.12 | 117.90 | 189.02 | OK | |
r-release-macos-arm64 | 3.1.0 | 57.00 | NOTE | |||
r-release-macos-x86_64 | 3.1.0 | 86.00 | NOTE | |||
r-release-windows-x86_64 | 3.1.0 | 73.00 | 149.00 | 222.00 | OK | |
r-oldrel-macos-arm64 | 3.1.0 | 115.00 | NOTE | |||
r-oldrel-macos-x86_64 | 3.1.0 | 220.00 | NOTE | |||
r-oldrel-windows-x86_64 | 3.1.0 | 84.00 | 207.00 | 291.00 | OK |
Version: 3.1.0
Check: Rd cross-references
Result: NOTE
Found the following Rd file(s) with Rd \link{} targets missing package
anchors:
cla_secsse_ml.Rd: DDD
cla_secsse_ml_func_def_pars.Rd: DDD
default_params_doc.Rd: DDD
secsse_ml.Rd: DDD
secsse_ml_func_def_pars.Rd: DDD
Please provide package anchors for all Rd \link{} targets not in the
package itself and the base packages.
Flavors: r-devel-linux-x86_64-debian-clang, r-devel-linux-x86_64-debian-gcc, r-devel-windows-x86_64
Version: 3.1.0
Check: installed package size
Result: NOTE
installed size is 9.6Mb
sub-directories of 1Mb or more:
doc 1.1Mb
libs 8.2Mb
Flavors: r-release-macos-arm64, r-release-macos-x86_64, r-oldrel-macos-arm64, r-oldrel-macos-x86_64