Last updated on 2025-04-15 09:52:32 CEST.
Flavor | Version | Tinstall | Tcheck | Ttotal | Status | Flags |
---|---|---|---|---|---|---|
r-devel-linux-x86_64-debian-clang | 2.0.18 | 10.03 | 88.38 | 98.41 | NOTE | |
r-devel-linux-x86_64-debian-gcc | 2.0.18 | 7.50 | 65.52 | 73.02 | NOTE | |
r-devel-linux-x86_64-fedora-clang | 2.0.18 | 160.73 | NOTE | |||
r-devel-linux-x86_64-fedora-gcc | 2.0.18 | 162.69 | NOTE | |||
r-devel-windows-x86_64 | 2.0.18 | 13.00 | 116.00 | 129.00 | NOTE | |
r-patched-linux-x86_64 | 2.0.18 | 10.98 | 84.55 | 95.53 | NOTE | |
r-release-linux-x86_64 | 2.0.18 | 9.67 | 86.75 | 96.42 | NOTE | |
r-release-macos-arm64 | 2.0.18 | 55.00 | NOTE | |||
r-release-macos-x86_64 | 2.0.18 | 102.00 | NOTE | |||
r-release-windows-x86_64 | 2.0.18 | 13.00 | 115.00 | 128.00 | NOTE | |
r-oldrel-macos-arm64 | 2.0.18 | 51.00 | OK | |||
r-oldrel-macos-x86_64 | 2.0.18 | 74.00 | OK | |||
r-oldrel-windows-x86_64 | 2.0.18 | 17.00 | 139.00 | 156.00 | OK |
Version: 2.0.18
Check: compiled code
Result: NOTE
File ‘sde/libs/sde.so’:
Found non-API call to R: ‘SET_TYPEOF’
Compiled code should not call non-API entry points in R.
See ‘Writing portable packages’ in the ‘Writing R Extensions’ manual,
and section ‘Moving into C API compliance’ for issues with the use of
non-API entry points.
Flavors: r-devel-linux-x86_64-debian-clang, r-devel-linux-x86_64-debian-gcc, r-devel-linux-x86_64-fedora-clang, r-devel-linux-x86_64-fedora-gcc, r-patched-linux-x86_64, r-release-linux-x86_64, r-release-macos-arm64, r-release-macos-x86_64
Version: 2.0.18
Check: compiled code
Result: NOTE
File 'sde/libs/x64/sde.dll':
Found non-API call to R: 'SET_TYPEOF'
Compiled code should not call non-API entry points in R.
See 'Writing portable packages' in the 'Writing R Extensions' manual,
and section 'Moving into C API compliance' for issues with the use of
non-API entry points.
Flavors: r-devel-windows-x86_64, r-release-windows-x86_64