Last updated on 2025-02-16 09:50:52 CET.
Flavor | Version | Tinstall | Tcheck | Ttotal | Status | Flags |
---|---|---|---|---|---|---|
r-devel-linux-x86_64-debian-clang | 1.0.1 | 2.24 | 38.63 | 40.87 | OK | |
r-devel-linux-x86_64-debian-gcc | 1.0.1 | 1.87 | 31.52 | 33.39 | OK | |
r-devel-linux-x86_64-fedora-clang | 1.0.1 | 69.51 | OK | |||
r-devel-linux-x86_64-fedora-gcc | 1.0.1 | 79.62 | OK | |||
r-devel-macos-arm64 | 1.0.1 | 32.00 | OK | |||
r-devel-macos-x86_64 | 1.0.1 | 66.00 | OK | |||
r-devel-windows-x86_64 | 1.0.1 | 3.00 | 67.00 | 70.00 | OK | |
r-patched-linux-x86_64 | 1.0.1 | 2.37 | 38.25 | 40.62 | NOTE | |
r-release-linux-x86_64 | 1.0.1 | 2.25 | 39.37 | 41.62 | NOTE | |
r-release-macos-arm64 | 1.0.1 | 33.00 | NOTE | |||
r-release-macos-x86_64 | 1.0.1 | 53.00 | NOTE | |||
r-release-windows-x86_64 | 1.0.1 | 3.00 | 69.00 | 72.00 | NOTE | |
r-oldrel-macos-arm64 | 1.0.1 | 38.00 | NOTE | |||
r-oldrel-macos-x86_64 | 1.0.1 | 51.00 | NOTE | |||
r-oldrel-windows-x86_64 | 1.0.1 | 4.00 | 69.00 | 73.00 | NOTE |
Version: 1.0.1
Check: LazyData
Result: NOTE
'LazyData' is specified without a 'data' directory
Flavors: r-patched-linux-x86_64, r-release-linux-x86_64, r-release-macos-arm64, r-release-macos-x86_64, r-release-windows-x86_64, r-oldrel-macos-arm64, r-oldrel-macos-x86_64, r-oldrel-windows-x86_64