Last updated on 2025-10-27 08:50:06 CET.
| Flavor | Version | Tinstall | Tcheck | Ttotal | Status | Flags |
|---|---|---|---|---|---|---|
| r-devel-linux-x86_64-debian-clang | 0.2.1 | 52.75 | 408.78 | 461.53 | OK | |
| r-devel-linux-x86_64-debian-gcc | 0.2.1 | 36.83 | 291.98 | 328.81 | OK | |
| r-devel-linux-x86_64-fedora-clang | 0.2.1 | 123.00 | 612.15 | 735.15 | OK | |
| r-devel-linux-x86_64-fedora-gcc | 0.2.1 | 255.00 | 506.89 | 761.89 | OK | |
| r-devel-windows-x86_64 | 0.2.1 | 59.00 | 352.00 | 411.00 | OK | |
| r-patched-linux-x86_64 | 0.2.1 | 53.95 | 389.66 | 443.61 | OK | |
| r-release-linux-x86_64 | 0.2.1 | 51.11 | 391.22 | 442.33 | OK | |
| r-release-macos-arm64 | 0.2.1 | 28.00 | 170.00 | 198.00 | OK | |
| r-release-macos-x86_64 | 0.2.1 | 88.00 | 325.00 | 413.00 | OK | |
| r-release-windows-x86_64 | 0.2.1 | 56.00 | 356.00 | 412.00 | WARN | |
| r-oldrel-macos-arm64 | 0.2.1 | 28.00 | 175.00 | 203.00 | OK | |
| r-oldrel-macos-x86_64 | 0.2.1 | 42.00 | 253.00 | 295.00 | OK | |
| r-oldrel-windows-x86_64 | 0.2.1 | 81.00 | 481.00 | 562.00 | OK |
Version: 0.2.1
Check: whether the namespace can be unloaded cleanly
Result: WARN
---- unloading
Flavor: r-release-windows-x86_64