CRAN Package Check Results for Package scDIFtest

Last updated on 2025-04-15 09:52:31 CEST.

Flavor Version Tinstall Tcheck Ttotal Status Flags
r-devel-linux-x86_64-debian-clang 0.1.1 11.59 133.73 145.32 OK
r-devel-linux-x86_64-debian-gcc 0.1.1 8.14 92.83 100.97 OK
r-devel-linux-x86_64-fedora-clang 0.1.1 234.88 OK
r-devel-linux-x86_64-fedora-gcc 0.1.1 231.30 OK
r-devel-windows-x86_64 0.1.1 12.00 136.00 148.00 OK
r-patched-linux-x86_64 0.1.1 9.72 127.12 136.84 OK
r-release-linux-x86_64 0.1.1 8.98 125.12 134.10 OK
r-release-macos-arm64 0.1.1 65.00 OK
r-release-macos-x86_64 0.1.1 164.00 OK
r-release-windows-x86_64 0.1.1 15.00 136.00 151.00 OK
r-oldrel-macos-arm64 0.1.1 61.00 NOTE
r-oldrel-macos-x86_64 0.1.1 91.00 NOTE
r-oldrel-windows-x86_64 0.1.1 15.00 171.00 186.00 NOTE

Check Details

Version: 0.1.1
Check: LazyData
Result: NOTE 'LazyData' is specified without a 'data' directory Flavors: r-oldrel-macos-arm64, r-oldrel-macos-x86_64, r-oldrel-windows-x86_64