Last updated on 2025-10-27 08:50:05 CET.
| Flavor | Version | Tinstall | Tcheck | Ttotal | Status | Flags |
|---|---|---|---|---|---|---|
| r-devel-linux-x86_64-debian-clang | 0.2.2 | 7.87 | 49.44 | 57.31 | OK | |
| r-devel-linux-x86_64-debian-gcc | 0.2.2 | 4.80 | 35.50 | 40.30 | OK | |
| r-devel-linux-x86_64-fedora-clang | 0.2.2 | 17.00 | 73.14 | 90.14 | NOTE | |
| r-devel-linux-x86_64-fedora-gcc | 0.2.2 | 17.00 | 84.01 | 101.01 | NOTE | |
| r-devel-windows-x86_64 | 0.2.2 | 9.00 | 63.00 | 72.00 | OK | |
| r-patched-linux-x86_64 | 0.2.2 | 7.53 | 47.44 | 54.97 | OK | |
| r-release-linux-x86_64 | 0.2.2 | 8.13 | 47.26 | 55.39 | OK | |
| r-release-macos-arm64 | 0.2.2 | 4.00 | 33.00 | 37.00 | OK | |
| r-release-macos-x86_64 | 0.2.2 | 7.00 | 59.00 | 66.00 | OK | |
| r-release-windows-x86_64 | 0.2.2 | 11.00 | 67.00 | 78.00 | OK | |
| r-oldrel-macos-arm64 | 0.2.2 | 3.00 | 27.00 | 30.00 | OK | |
| r-oldrel-macos-x86_64 | 0.2.2 | 5.00 | 43.00 | 48.00 | OK | |
| r-oldrel-windows-x86_64 | 0.2.2 | 12.00 | 78.00 | 90.00 | OK |
Version: 0.2.2
Check: dependencies in R code
Result: NOTE
Namespaces in Imports field not imported from:
‘CARBayesdata’ ‘MASS’ ‘nimble’
All declared Imports should be used.
Flavors: r-devel-linux-x86_64-fedora-clang, r-devel-linux-x86_64-fedora-gcc