Last updated on 2025-10-27 08:50:05 CET.
| Flavor | Version | Tinstall | Tcheck | Ttotal | Status | Flags |
|---|---|---|---|---|---|---|
| r-devel-linux-x86_64-debian-clang | 0.2.0 | 248.58 | 207.16 | 455.74 | OK | |
| r-devel-linux-x86_64-debian-gcc | 0.2.0 | 223.52 | 161.52 | 385.04 | OK | |
| r-devel-linux-x86_64-fedora-clang | 0.2.0 | 325.00 | 373.61 | 698.61 | OK | |
| r-devel-linux-x86_64-fedora-gcc | 0.2.0 | 412.00 | 435.88 | 847.88 | OK | |
| r-devel-windows-x86_64 | 0.2.0 | 266.00 | 254.00 | 520.00 | OK | |
| r-patched-linux-x86_64 | 0.2.0 | 292.05 | 212.65 | 504.70 | OK | |
| r-release-linux-x86_64 | 0.2.0 | 296.34 | 213.59 | 509.93 | OK | |
| r-release-macos-arm64 | 0.2.0 | 98.00 | 78.00 | 176.00 | OK | |
| r-release-macos-x86_64 | 0.2.0 | 165.00 | 176.00 | 341.00 | OK | |
| r-release-windows-x86_64 | 0.2.0 | 255.00 | 250.00 | 505.00 | OK | |
| r-oldrel-macos-arm64 | 0.2.0 | 96.00 | 84.00 | 180.00 | NOTE | |
| r-oldrel-macos-x86_64 | 0.2.0 | 149.00 | 177.00 | 326.00 | NOTE | |
| r-oldrel-windows-x86_64 | 0.2.0 | 301.00 | 305.00 | 606.00 | OK |
Version: 0.2.0
Check: installed package size
Result: NOTE
installed size is 54.3Mb
sub-directories of 1Mb or more:
libs 53.9Mb
Flavors: r-oldrel-macos-arm64, r-oldrel-macos-x86_64
Version: 0.2.0
Check: for GNU extensions in Makefiles
Result: NOTE
GNU make is a SystemRequirements.
Flavors: r-oldrel-macos-arm64, r-oldrel-macos-x86_64