Last updated on 2025-02-16 09:50:53 CET.
Flavor | Version | Tinstall | Tcheck | Ttotal | Status | Flags |
---|---|---|---|---|---|---|
r-devel-linux-x86_64-debian-clang | 1.2.0 | 5.87 | 49.78 | 55.65 | OK | |
r-devel-linux-x86_64-debian-gcc | 1.2.0 | 3.97 | 38.54 | 42.51 | OK | |
r-devel-linux-x86_64-fedora-clang | 1.2.0 | 89.02 | OK | |||
r-devel-linux-x86_64-fedora-gcc | 1.2.0 | 83.93 | OK | |||
r-devel-macos-arm64 | 1.2.0 | 27.00 | OK | |||
r-devel-macos-x86_64 | 1.2.0 | 60.00 | OK | |||
r-devel-windows-x86_64 | 1.2.0 | 6.00 | 64.00 | 70.00 | OK | |
r-patched-linux-x86_64 | 1.2.0 | 6.33 | 46.88 | 53.21 | NOTE | |
r-release-linux-x86_64 | 1.2.0 | 6.41 | 46.94 | 53.35 | NOTE | |
r-release-macos-arm64 | 1.2.0 | 27.00 | NOTE | |||
r-release-macos-x86_64 | 1.2.0 | 41.00 | NOTE | |||
r-release-windows-x86_64 | 1.2.0 | 7.00 | 75.00 | 82.00 | NOTE | |
r-oldrel-macos-arm64 | 1.2.0 | 31.00 | NOTE | |||
r-oldrel-macos-x86_64 | 1.2.0 | 48.00 | NOTE | |||
r-oldrel-windows-x86_64 | 1.2.0 | 6.00 | 74.00 | 80.00 | NOTE |
Version: 1.2.0
Check: LazyData
Result: NOTE
'LazyData' is specified without a 'data' directory
Flavors: r-patched-linux-x86_64, r-release-linux-x86_64, r-release-macos-arm64, r-release-macos-x86_64, r-release-windows-x86_64, r-oldrel-macos-arm64, r-oldrel-macos-x86_64, r-oldrel-windows-x86_64