Last updated on 2025-02-20 09:51:02 CET.
Flavor | Version | Tinstall | Tcheck | Ttotal | Status | Flags |
---|---|---|---|---|---|---|
r-devel-linux-x86_64-debian-clang | 1.1-1 | 10.28 | 86.88 | 97.16 | NOTE | |
r-devel-linux-x86_64-debian-gcc | 1.1-1 | 7.95 | 61.28 | 69.23 | NOTE | |
r-devel-linux-x86_64-fedora-clang | 1.1-1 | 147.54 | OK | |||
r-devel-linux-x86_64-fedora-gcc | 1.1-1 | 151.22 | OK | |||
r-devel-macos-arm64 | 1.1-1 | 46.00 | OK | |||
r-devel-macos-x86_64 | 1.1-1 | 94.00 | OK | |||
r-devel-windows-x86_64 | 1.1-1 | 12.00 | 98.00 | 110.00 | NOTE | |
r-patched-linux-x86_64 | 1.1-1 | 17.43 | 79.51 | 96.94 | OK | |
r-release-linux-x86_64 | 1.1-1 | 10.25 | 79.95 | 90.20 | OK | |
r-release-macos-arm64 | 1.1-1 | 44.00 | OK | |||
r-release-macos-x86_64 | 1.1-1 | 82.00 | OK | |||
r-release-windows-x86_64 | 1.1-1 | 12.00 | 88.00 | 100.00 | OK | |
r-oldrel-macos-arm64 | 1.1-1 | 45.00 | OK | |||
r-oldrel-macos-x86_64 | 1.1-1 | 84.00 | OK | |||
r-oldrel-windows-x86_64 | 1.1-1 | 15.00 | 113.00 | 128.00 | OK |
Version: 1.1-1
Check: Rd cross-references
Result: NOTE
Found the following Rd file(s) with Rd \link{} targets missing package
anchors:
BCs4vd.Rd: biclust, Biclust
BCssvd.Rd: biclust, Biclust
Please provide package anchors for all Rd \link{} targets not in the
package itself and the base packages.
Flavors: r-devel-linux-x86_64-debian-clang, r-devel-linux-x86_64-debian-gcc, r-devel-windows-x86_64