Last updated on 2025-02-19 09:51:02 CET.
Flavor | Version | Tinstall | Tcheck | Ttotal | Status | Flags |
---|---|---|---|---|---|---|
r-devel-linux-x86_64-debian-clang | 3.1-40 | 5.72 | 48.31 | 54.03 | NOTE | |
r-devel-linux-x86_64-debian-gcc | 3.1-40 | 4.16 | 35.27 | 39.43 | NOTE | |
r-devel-linux-x86_64-fedora-clang | 3.1-40 | 85.75 | NOTE | |||
r-devel-linux-x86_64-fedora-gcc | 3.1-40 | 84.22 | NOTE | |||
r-devel-macos-arm64 | 3.1-40 | 28.00 | NOTE | |||
r-devel-macos-x86_64 | 3.1-40 | 52.00 | NOTE | |||
r-devel-windows-x86_64 | 3.1-40 | 6.00 | 79.00 | 85.00 | NOTE | |
r-patched-linux-x86_64 | 3.1-40 | 5.59 | 45.57 | 51.16 | NOTE | |
r-release-linux-x86_64 | 3.1-40 | 5.05 | 45.32 | 50.37 | NOTE | |
r-release-macos-arm64 | 3.1-40 | 27.00 | NOTE | |||
r-release-macos-x86_64 | 3.1-40 | 43.00 | NOTE | |||
r-release-windows-x86_64 | 3.1-40 | 8.00 | 85.00 | 93.00 | NOTE | |
r-oldrel-macos-arm64 | 3.1-40 | 32.00 | OK | |||
r-oldrel-macos-x86_64 | 3.1-40 | 52.00 | OK | |||
r-oldrel-windows-x86_64 | 3.1-40 | 8.00 | 97.00 | 105.00 | OK |
Version: 3.1-40
Check: Rd files
Result: NOTE
checkRd: (-1) ciReg.Rd:10: Lost braces
10 | \item{fit}{an object of class{lm}, i.e. the output from \code{\link{lm}}.}
| ^
Flavors: r-devel-linux-x86_64-debian-clang, r-devel-linux-x86_64-debian-gcc, r-devel-linux-x86_64-fedora-clang, r-devel-linux-x86_64-fedora-gcc, r-devel-macos-arm64, r-devel-macos-x86_64, r-devel-windows-x86_64, r-patched-linux-x86_64, r-release-linux-x86_64, r-release-macos-arm64, r-release-macos-x86_64, r-release-windows-x86_64